{"id":2584,"date":"2016-10-31T17:40:03","date_gmt":"2016-10-31T17:40:03","guid":{"rendered":"https:\/\/www.citybrewtours.com\/montreal\/about\/beer-food-pairings\/"},"modified":"2023-01-11T17:42:42","modified_gmt":"2023-01-11T17:42:42","slug":"accords-bieres-et-mets","status":"publish","type":"page","link":"https:\/\/www.citybrewtours.com\/montreal\/fr\/about\/accords-bieres-et-mets\/","title":{"rendered":"Accords bi\u00e8res et mets"},"content":{"rendered":"<p><em>Quoi de mieux que de go\u00fbter plus d\u2019une douzaine de bi\u00e8res artisanales? D\u00e9gustez-les avec de la bi\u00e8re et des mets appari\u00e9s!<\/em><\/p>\n<p><img decoding=\"async\" class=\"alignnone size-full wp-image-613 lazyload\" data-src=\"https:\/\/www.citybrewtours.com\/montreal\/wp-content\/uploads\/sites\/10\/2016\/10\/meadhall-4.jpg\" alt=\"meadhall-4\" width=\"1696\" height=\"954\" data-srcset=\"https:\/\/www.citybrewtours.com\/montreal\/wp-content\/uploads\/sites\/10\/2016\/10\/meadhall-4.jpg 1696w, https:\/\/www.citybrewtours.com\/montreal\/wp-content\/uploads\/sites\/10\/2016\/10\/meadhall-4-300x169.jpg 300w, https:\/\/www.citybrewtours.com\/montreal\/wp-content\/uploads\/sites\/10\/2016\/10\/meadhall-4-768x432.jpg 768w, https:\/\/www.citybrewtours.com\/montreal\/wp-content\/uploads\/sites\/10\/2016\/10\/meadhall-4-1024x576.jpg 1024w\" data-sizes=\"(max-width: 1696px) 100vw, 1696px\" src=\"data:image\/svg+xml;base64,PHN2ZyB3aWR0aD0iMSIgaGVpZ2h0PSIxIiB4bWxucz0iaHR0cDovL3d3dy53My5vcmcvMjAwMC9zdmciPjwvc3ZnPg==\" style=\"--smush-placeholder-width: 1696px; --smush-placeholder-aspect-ratio: 1696\/954;\" \/><\/p>\n<p><span id=\"result_box\" lang=\"fr\">Avec La Rencontre ou L&#8217;exp\u00e9rience Brassicole de Montr\u00e9al vous aurez aussi le bedon bien rempli. Apr\u00e8s quelques heures de d\u00e9gustation d&#8217;excellentes boissons locales, l&#8217;estomac peut crier famine et nous voulons \u00eatre certains de vous offrir le meilleur de MTL. Chacune de nos visites comprend un repas en accord avec une bi\u00e8re.<\/span><\/p>\n<p>Nos d\u00e9gustations comprennent non seulement une analyse approfondie et l&#8217;historique de chaque bi\u00e8re que vous go\u00fbtez, mais \u00e9galement le processus \u00e9tape par \u00e9tape et les raisons pour lesquelles des bi\u00e8res sp\u00e9cifiques compl\u00e8tent des aliments sp\u00e9cifiques. La grande vari\u00e9t\u00e9 de styles de bi\u00e8re produits \u00e0 Montr\u00e9al offre des accords excitants avec tous les types d&#8217;aliments que vous pouvez imaginer! Et devine quoi? C&#8217;est tout inclus dans le prix du tour! R\u00e9servez une visite maintenant pour une bi\u00e8re exceptionnelle et une nourriture d\u00e9licieuse!<\/p>\n<p><span class=\"button-wrap\"><a href=\"https:\/\/www.citybrewtours.com\/nyc\/tours\/\" class=\"button button-light\" target=\"\">Reserver Maintenant<\/a><\/span><\/p>\n","protected":false},"excerpt":{"rendered":"<p>Quoi de mieux que de go\u00fbter plus d\u2019une douzaine de bi\u00e8res artisanales? D\u00e9gustez-les avec de la bi\u00e8re et des mets appari\u00e9s! Avec La Rencontre ou L&#8217;exp\u00e9rience Brassicole de Montr\u00e9al vous aurez aussi le bedon bien rempli. Apr\u00e8s quelques heures de d\u00e9gustation d&#8217;excellentes boissons locales, l&#8217;estomac peut crier famine et nous voulons \u00eatre certains de vous [&hellip;]<\/p>\n","protected":false},"author":1,"featured_media":2586,"parent":2580,"menu_order":0,"comment_status":"closed","ping_status":"closed","template":"page-tpl-leftmenu.php","meta":[],"acf":[],"yoast_head":"<!-- This site is optimized with the Yoast SEO plugin v19.10 - https:\/\/yoast.com\/wordpress\/plugins\/seo\/ -->\n<title>Accords bi\u00e8res et mets - Montr\u00e9al Brew Tours - All-Inclusive, Guided Brewery Tours &amp; Events<\/title>\n<meta name=\"description\" content=\"Quoi de mieux que de go\u00fbter plus d\u2019une douzaine de bi\u00e8res artisanales? D\u00e9gustez de d\u00e9licieux plats locaux avec cette bi\u00e8re! Nos visites vous aident \u00e0 jumeler votre bi\u00e8re et votre nourriture.\" \/>\n<meta name=\"robots\" content=\"index, follow, max-snippet:-1, max-image-preview:large, max-video-preview:-1\" \/>\n<link rel=\"canonical\" href=\"https:\/\/www.citybrewtours.com\/montreal\/about\/accords-bieres-et-mets\/\" \/>\n<meta property=\"og:locale\" content=\"en_US\" \/>\n<meta property=\"og:type\" content=\"article\" \/>\n<meta property=\"og:title\" content=\"Accords bi\u00e8res et mets - Montr\u00e9al Brew Tours - All-Inclusive, Guided Brewery Tours &amp; Events\" \/>\n<meta property=\"og:description\" content=\"Quoi de mieux que de go\u00fbter plus d\u2019une douzaine de bi\u00e8res artisanales? D\u00e9gustez de d\u00e9licieux plats locaux avec cette bi\u00e8re! Nos visites vous aident \u00e0 jumeler votre bi\u00e8re et votre nourriture.\" \/>\n<meta property=\"og:url\" content=\"https:\/\/www.citybrewtours.com\/montreal\/fr\/about\/accords-bieres-et-mets\/\" \/>\n<meta property=\"og:site_name\" content=\"Montr\u00e9al Brew Tours - All-Inclusive, Guided Brewery Tours &amp; Events\" \/>\n<meta property=\"article:publisher\" content=\"https:\/\/www.facebook.com\/citybrewtoursMTL\/\" \/>\n<meta property=\"article:modified_time\" content=\"2023-01-11T17:42:42+00:00\" \/>\n<meta property=\"og:image\" content=\"https:\/\/www.citybrewtours.com\/montreal\/wp-content\/uploads\/sites\/10\/2017\/03\/hopfarm1.jpg\" \/>\n\t<meta property=\"og:image:width\" content=\"5184\" \/>\n\t<meta property=\"og:image:height\" content=\"3456\" \/>\n\t<meta property=\"og:image:type\" content=\"image\/jpeg\" \/>\n<meta name=\"twitter:card\" content=\"summary_large_image\" \/>\n<meta name=\"twitter:label1\" content=\"Est. reading time\" \/>\n\t<meta name=\"twitter:data1\" content=\"1 minute\" \/>\n<script type=\"application\/ld+json\" class=\"yoast-schema-graph\">{\"@context\":\"https:\/\/schema.org\",\"@graph\":[{\"@type\":\"WebPage\",\"@id\":\"https:\/\/www.citybrewtours.com\/montreal\/fr\/about\/accords-bieres-et-mets\/\",\"url\":\"https:\/\/www.citybrewtours.com\/montreal\/fr\/about\/accords-bieres-et-mets\/\",\"name\":\"Accords bi\u00e8res et mets - Montr\u00e9al Brew Tours - All-Inclusive, Guided Brewery Tours &amp; Events\",\"isPartOf\":{\"@id\":\"https:\/\/www.citybrewtours.com\/montreal\/#website\"},\"datePublished\":\"2016-10-31T17:40:03+00:00\",\"dateModified\":\"2023-01-11T17:42:42+00:00\",\"description\":\"Quoi de mieux que de go\u00fbter plus d\u2019une douzaine de bi\u00e8res artisanales? D\u00e9gustez de d\u00e9licieux plats locaux avec cette bi\u00e8re! Nos visites vous aident \u00e0 jumeler votre bi\u00e8re et votre nourriture.\",\"breadcrumb\":{\"@id\":\"https:\/\/www.citybrewtours.com\/montreal\/fr\/about\/accords-bieres-et-mets\/#breadcrumb\"},\"inLanguage\":\"en-US\",\"potentialAction\":[{\"@type\":\"ReadAction\",\"target\":[\"https:\/\/www.citybrewtours.com\/montreal\/fr\/about\/accords-bieres-et-mets\/\"]}]},{\"@type\":\"BreadcrumbList\",\"@id\":\"https:\/\/www.citybrewtours.com\/montreal\/fr\/about\/accords-bieres-et-mets\/#breadcrumb\",\"itemListElement\":[{\"@type\":\"ListItem\",\"position\":1,\"name\":\"Home\",\"item\":\"https:\/\/www.citybrewtours.com\/montreal\/\"},{\"@type\":\"ListItem\",\"position\":2,\"name\":\"\u00c0 propos de La Tourn\u00e9e Brassicole\",\"item\":\"https:\/\/www.citybrewtours.com\/montreal\/fr\/about\/\"},{\"@type\":\"ListItem\",\"position\":3,\"name\":\"Accords bi\u00e8res et mets\"}]},{\"@type\":\"WebSite\",\"@id\":\"https:\/\/www.citybrewtours.com\/montreal\/#website\",\"url\":\"https:\/\/www.citybrewtours.com\/montreal\/\",\"name\":\"Montr\u00e9al Brew Tours - All-Inclusive, Guided Brewery Tours &amp; Events\",\"description\":\"Local Brewery Tours in Montreal, QC\",\"publisher\":{\"@id\":\"https:\/\/www.citybrewtours.com\/montreal\/#organization\"},\"potentialAction\":[{\"@type\":\"SearchAction\",\"target\":{\"@type\":\"EntryPoint\",\"urlTemplate\":\"https:\/\/www.citybrewtours.com\/montreal\/?s={search_term_string}\"},\"query-input\":\"required name=search_term_string\"}],\"inLanguage\":\"en-US\"},{\"@type\":\"Organization\",\"@id\":\"https:\/\/www.citybrewtours.com\/montreal\/#organization\",\"name\":\"City Brew Tours Montreal La Tourn\u00e9e Brasicole\",\"url\":\"https:\/\/www.citybrewtours.com\/montreal\/\",\"logo\":{\"@type\":\"ImageObject\",\"inLanguage\":\"en-US\",\"@id\":\"https:\/\/www.citybrewtours.com\/montreal\/#\/schema\/logo\/image\/\",\"url\":\"https:\/\/www.citybrewtours.com\/montreal\/wp-content\/uploads\/sites\/10\/2018\/04\/brown_horizontal_nyc.png\",\"contentUrl\":\"https:\/\/www.citybrewtours.com\/montreal\/wp-content\/uploads\/sites\/10\/2018\/04\/brown_horizontal_nyc.png\",\"width\":246,\"height\":90,\"caption\":\"City Brew Tours Montreal La Tourn\u00e9e Brasicole\"},\"image\":{\"@id\":\"https:\/\/www.citybrewtours.com\/montreal\/#\/schema\/logo\/image\/\"},\"sameAs\":[\"https:\/\/www.instagram.com\/citybrewtoursmtl\/\",\"https:\/\/www.facebook.com\/citybrewtoursMTL\/\"]}]}<\/script>\n<!-- \/ Yoast SEO plugin. -->","yoast_head_json":{"title":"Accords bi\u00e8res et mets - Montr\u00e9al Brew Tours - All-Inclusive, Guided Brewery Tours &amp; Events","description":"Quoi de mieux que de go\u00fbter plus d\u2019une douzaine de bi\u00e8res artisanales? D\u00e9gustez de d\u00e9licieux plats locaux avec cette bi\u00e8re! Nos visites vous aident \u00e0 jumeler votre bi\u00e8re et votre nourriture.","robots":{"index":"index","follow":"follow","max-snippet":"max-snippet:-1","max-image-preview":"max-image-preview:large","max-video-preview":"max-video-preview:-1"},"canonical":"https:\/\/www.citybrewtours.com\/montreal\/about\/accords-bieres-et-mets\/","og_locale":"en_US","og_type":"article","og_title":"Accords bi\u00e8res et mets - Montr\u00e9al Brew Tours - All-Inclusive, Guided Brewery Tours &amp; Events","og_description":"Quoi de mieux que de go\u00fbter plus d\u2019une douzaine de bi\u00e8res artisanales? D\u00e9gustez de d\u00e9licieux plats locaux avec cette bi\u00e8re! Nos visites vous aident \u00e0 jumeler votre bi\u00e8re et votre nourriture.","og_url":"https:\/\/www.citybrewtours.com\/montreal\/fr\/about\/accords-bieres-et-mets\/","og_site_name":"Montr\u00e9al Brew Tours - All-Inclusive, Guided Brewery Tours &amp; Events","article_publisher":"https:\/\/www.facebook.com\/citybrewtoursMTL\/","article_modified_time":"2023-01-11T17:42:42+00:00","og_image":[{"width":5184,"height":3456,"url":"https:\/\/www.citybrewtours.com\/montreal\/wp-content\/uploads\/sites\/10\/2017\/03\/hopfarm1.jpg","type":"image\/jpeg"}],"twitter_card":"summary_large_image","twitter_misc":{"Est. reading time":"1 minute"},"schema":{"@context":"https:\/\/schema.org","@graph":[{"@type":"WebPage","@id":"https:\/\/www.citybrewtours.com\/montreal\/fr\/about\/accords-bieres-et-mets\/","url":"https:\/\/www.citybrewtours.com\/montreal\/fr\/about\/accords-bieres-et-mets\/","name":"Accords bi\u00e8res et mets - Montr\u00e9al Brew Tours - All-Inclusive, Guided Brewery Tours &amp; Events","isPartOf":{"@id":"https:\/\/www.citybrewtours.com\/montreal\/#website"},"datePublished":"2016-10-31T17:40:03+00:00","dateModified":"2023-01-11T17:42:42+00:00","description":"Quoi de mieux que de go\u00fbter plus d\u2019une douzaine de bi\u00e8res artisanales? D\u00e9gustez de d\u00e9licieux plats locaux avec cette bi\u00e8re! Nos visites vous aident \u00e0 jumeler votre bi\u00e8re et votre nourriture.","breadcrumb":{"@id":"https:\/\/www.citybrewtours.com\/montreal\/fr\/about\/accords-bieres-et-mets\/#breadcrumb"},"inLanguage":"en-US","potentialAction":[{"@type":"ReadAction","target":["https:\/\/www.citybrewtours.com\/montreal\/fr\/about\/accords-bieres-et-mets\/"]}]},{"@type":"BreadcrumbList","@id":"https:\/\/www.citybrewtours.com\/montreal\/fr\/about\/accords-bieres-et-mets\/#breadcrumb","itemListElement":[{"@type":"ListItem","position":1,"name":"Home","item":"https:\/\/www.citybrewtours.com\/montreal\/"},{"@type":"ListItem","position":2,"name":"\u00c0 propos de La Tourn\u00e9e Brassicole","item":"https:\/\/www.citybrewtours.com\/montreal\/fr\/about\/"},{"@type":"ListItem","position":3,"name":"Accords bi\u00e8res et mets"}]},{"@type":"WebSite","@id":"https:\/\/www.citybrewtours.com\/montreal\/#website","url":"https:\/\/www.citybrewtours.com\/montreal\/","name":"Montr\u00e9al Brew Tours - All-Inclusive, Guided Brewery Tours &amp; Events","description":"Local Brewery Tours in Montreal, QC","publisher":{"@id":"https:\/\/www.citybrewtours.com\/montreal\/#organization"},"potentialAction":[{"@type":"SearchAction","target":{"@type":"EntryPoint","urlTemplate":"https:\/\/www.citybrewtours.com\/montreal\/?s={search_term_string}"},"query-input":"required name=search_term_string"}],"inLanguage":"en-US"},{"@type":"Organization","@id":"https:\/\/www.citybrewtours.com\/montreal\/#organization","name":"City Brew Tours Montreal La Tourn\u00e9e Brasicole","url":"https:\/\/www.citybrewtours.com\/montreal\/","logo":{"@type":"ImageObject","inLanguage":"en-US","@id":"https:\/\/www.citybrewtours.com\/montreal\/#\/schema\/logo\/image\/","url":"https:\/\/www.citybrewtours.com\/montreal\/wp-content\/uploads\/sites\/10\/2018\/04\/brown_horizontal_nyc.png","contentUrl":"https:\/\/www.citybrewtours.com\/montreal\/wp-content\/uploads\/sites\/10\/2018\/04\/brown_horizontal_nyc.png","width":246,"height":90,"caption":"City Brew Tours Montreal La Tourn\u00e9e Brasicole"},"image":{"@id":"https:\/\/www.citybrewtours.com\/montreal\/#\/schema\/logo\/image\/"},"sameAs":["https:\/\/www.instagram.com\/citybrewtoursmtl\/","https:\/\/www.facebook.com\/citybrewtoursMTL\/"]}]}},"_links":{"self":[{"href":"https:\/\/www.citybrewtours.com\/montreal\/wp-json\/wp\/v2\/pages\/2584"}],"collection":[{"href":"https:\/\/www.citybrewtours.com\/montreal\/wp-json\/wp\/v2\/pages"}],"about":[{"href":"https:\/\/www.citybrewtours.com\/montreal\/wp-json\/wp\/v2\/types\/page"}],"author":[{"embeddable":true,"href":"https:\/\/www.citybrewtours.com\/montreal\/wp-json\/wp\/v2\/users\/1"}],"replies":[{"embeddable":true,"href":"https:\/\/www.citybrewtours.com\/montreal\/wp-json\/wp\/v2\/comments?post=2584"}],"version-history":[{"count":0,"href":"https:\/\/www.citybrewtours.com\/montreal\/wp-json\/wp\/v2\/pages\/2584\/revisions"}],"up":[{"embeddable":true,"href":"https:\/\/www.citybrewtours.com\/montreal\/wp-json\/wp\/v2\/pages\/2580"}],"wp:featuredmedia":[{"embeddable":true,"href":"https:\/\/www.citybrewtours.com\/montreal\/wp-json\/wp\/v2\/media\/2586"}],"wp:attachment":[{"href":"https:\/\/www.citybrewtours.com\/montreal\/wp-json\/wp\/v2\/media?parent=2584"}],"curies":[{"name":"wp","href":"https:\/\/api.w.org\/{rel}","templated":true}]}}