{"id":2626,"date":"2016-10-31T17:40:03","date_gmt":"2016-10-31T17:40:03","guid":{"rendered":"https:\/\/www.citybrewtours.com\/montreal\/tours\/after-hours-brew-tour\/"},"modified":"2026-01-05T17:29:33","modified_gmt":"2026-01-05T17:29:33","slug":"la-rencontre-brassicole","status":"publish","type":"page","link":"https:\/\/www.citybrewtours.com\/montreal\/fr\/tours\/la-rencontre-brassicole\/","title":{"rendered":"La Rencontre Brassicole Montreal"},"content":{"rendered":"<p>5 hours<\/p>\n<p>5PM-10PM &#8211; 7 days a week<\/p>\n<p>14 passenger<\/p>\n<p>$90\/PP<\/p>\n<p>beer<\/p>\n<p>food<\/p>\n<p>transportation<\/p>\n<p>lanyards<\/p>\n<p>After Hours Brew Tour<br \/>\nThe only thing better than beer during the day is beer after dark.<\/p>\n<p><em>The After Hours Brew Tour is a nightlife experience like no other. On this late-night spree through Philadelphia, we explore both old school brewpubs, steeped in tradition, and give you a peek into new school nano\/micro breweries and distilleries that are innovating the process with modern techniques and twists on beer flavors.<br \/>\n<\/em><br \/>\nThe After Hours Brew Tour includes a sampling of up to 18 different beers (yes, EIGHTEEN), beer and food pairing dinner plus a designated home-brewing driver!<\/p>\n<p>Whether you\u2019re a craft brew connoisseur, light beer drinker or beer enthusiast, this exciting tour offers a fun, safe and comfortable way to check out the craft beer scene after hours. You won&#8217;t have to worry about a thing &#8212; except how you&#8217;re going to make it to work the next morning. (Or, consider bringing your boss along. Employee of the year guaranteed.)<\/p>\n<table>\n<thead>\n<tr>\n<th>Stop<\/th>\n<th>Brewery(ies)<\/th>\n<\/tr>\n<\/thead>\n<tbody>\n<tr>\n<td>1<\/td>\n<td><\/td>\n<\/tr>\n<tr>\n<td>2<\/td>\n<td><\/td>\n<\/tr>\n<tr>\n<td>3<\/td>\n<td><\/td>\n<\/tr>\n<tr>\n<td>4<\/td>\n<td><\/td>\n<\/tr>\n<tr>\n<td>Alternates<\/td>\n<td><\/td>\n<\/tr>\n<\/tbody>\n<\/table>\n<p>Actual itineraries will be confirmed 48 hours in advance based on local\/brewery events, weather, and anticipated traffic.<\/p>\n<table>\n<thead>\n<tr>\n<th>Stop<\/th>\n<th>Brewery(ies)<\/th>\n<\/tr>\n<\/thead>\n<tbody>\n<tr>\n<td>1<\/td>\n<td><\/td>\n<\/tr>\n<tr>\n<td>2<\/td>\n<td><\/td>\n<\/tr>\n<tr>\n<td>3<\/td>\n<td><\/td>\n<\/tr>\n<tr>\n<td>4<\/td>\n<td><\/td>\n<\/tr>\n<tr>\n<td>Alternates<\/td>\n<td><\/td>\n<\/tr>\n<\/tbody>\n<\/table>\n<p>Actual itineraries will be confirmed 48 hours in advance based on local\/brewery events, weather, and anticipated traffic.<\/p>\n<p>Dock Street Brewery, Red Brick Distillery, Brauhaus Schmidtz, Flying Fish, Lunacy, Double Nickel, 2nd Story<\/p>\n<p>1211 ARCH ST PHILADELPHIA PA (ACROSS FROM THE PANERA ON N 12ST ST, IN FRONT OF THE PHILADELPHIA CONVENTION CENTER, BETWEEN ARCH ST AND N 12TH ST<\/p>\n","protected":false},"excerpt":{"rendered":"<p>5 hours 5PM-10PM &#8211; 7 days a week 14 passenger $90\/PP beer food transportation lanyards After Hours Brew Tour The only thing better than beer during the day is beer after dark. The After Hours Brew Tour is a nightlife experience like no other. On this late-night spree through Philadelphia, we explore both old school [&hellip;]<\/p>\n","protected":false},"author":1,"featured_media":0,"parent":2567,"menu_order":0,"comment_status":"closed","ping_status":"closed","template":"page-tpl-tour.php","meta":[],"acf":[],"yoast_head":"<!-- This site is optimized with the Yoast SEO plugin v19.10 - https:\/\/yoast.com\/wordpress\/plugins\/seo\/ -->\n<title>La Rencontre Brassicole Montreal - Montr\u00e9al Brew Tours - All-Inclusive, Guided Brewery Tours &amp; Events<\/title>\n<meta name=\"description\" content=\"Vivez une journ\u00e9e inoubliable sur La Rencontre Brassicole. Cette visite de brasserie artisanale est une introduction parfaite \u00e0 l&#039;impressionnante sc\u00e8ne brassicole Qu\u00e9b\u00e9coise en constante \u00e9volution.\" \/>\n<meta name=\"robots\" content=\"index, follow, max-snippet:-1, max-image-preview:large, max-video-preview:-1\" \/>\n<link rel=\"canonical\" href=\"https:\/\/www.citybrewtours.com\/montreal\/tours\/la-rencontre-brassicole\/\" \/>\n<meta property=\"og:locale\" content=\"en_US\" \/>\n<meta property=\"og:type\" content=\"article\" \/>\n<meta property=\"og:title\" content=\"La Rencontre Brassicole Montreal - Montr\u00e9al Brew Tours - All-Inclusive, Guided Brewery Tours &amp; Events\" \/>\n<meta property=\"og:description\" content=\"Vivez une journ\u00e9e inoubliable sur La Rencontre Brassicole. Cette visite de brasserie artisanale est une introduction parfaite \u00e0 l&#039;impressionnante sc\u00e8ne brassicole Qu\u00e9b\u00e9coise en constante \u00e9volution.\" \/>\n<meta property=\"og:url\" content=\"https:\/\/www.citybrewtours.com\/montreal\/fr\/tours\/la-rencontre-brassicole\/\" \/>\n<meta property=\"og:site_name\" content=\"Montr\u00e9al Brew Tours - All-Inclusive, Guided Brewery Tours &amp; Events\" \/>\n<meta property=\"article:publisher\" content=\"https:\/\/www.facebook.com\/citybrewtoursMTL\/\" \/>\n<meta property=\"article:modified_time\" content=\"2026-01-05T17:29:33+00:00\" \/>\n<meta name=\"twitter:card\" content=\"summary_large_image\" \/>\n<meta name=\"twitter:label1\" content=\"Est. reading time\" \/>\n\t<meta name=\"twitter:data1\" content=\"2 minutes\" \/>\n<script type=\"application\/ld+json\" class=\"yoast-schema-graph\">{\"@context\":\"https:\/\/schema.org\",\"@graph\":[{\"@type\":\"WebPage\",\"@id\":\"https:\/\/www.citybrewtours.com\/montreal\/fr\/tours\/la-rencontre-brassicole\/\",\"url\":\"https:\/\/www.citybrewtours.com\/montreal\/fr\/tours\/la-rencontre-brassicole\/\",\"name\":\"La Rencontre Brassicole Montreal - Montr\u00e9al Brew Tours - All-Inclusive, Guided Brewery Tours &amp; Events\",\"isPartOf\":{\"@id\":\"https:\/\/www.citybrewtours.com\/montreal\/#website\"},\"datePublished\":\"2016-10-31T17:40:03+00:00\",\"dateModified\":\"2026-01-05T17:29:33+00:00\",\"description\":\"Vivez une journ\u00e9e inoubliable sur La Rencontre Brassicole. Cette visite de brasserie artisanale est une introduction parfaite \u00e0 l'impressionnante sc\u00e8ne brassicole Qu\u00e9b\u00e9coise en constante \u00e9volution.\",\"breadcrumb\":{\"@id\":\"https:\/\/www.citybrewtours.com\/montreal\/fr\/tours\/la-rencontre-brassicole\/#breadcrumb\"},\"inLanguage\":\"en-US\",\"potentialAction\":[{\"@type\":\"ReadAction\",\"target\":[\"https:\/\/www.citybrewtours.com\/montreal\/fr\/tours\/la-rencontre-brassicole\/\"]}]},{\"@type\":\"BreadcrumbList\",\"@id\":\"https:\/\/www.citybrewtours.com\/montreal\/fr\/tours\/la-rencontre-brassicole\/#breadcrumb\",\"itemListElement\":[{\"@type\":\"ListItem\",\"position\":1,\"name\":\"Home\",\"item\":\"https:\/\/www.citybrewtours.com\/montreal\/\"},{\"@type\":\"ListItem\",\"position\":2,\"name\":\"Choisissez votre tourn\u00e9e\",\"item\":\"https:\/\/www.citybrewtours.com\/montreal\/fr\/tours\/\"},{\"@type\":\"ListItem\",\"position\":3,\"name\":\"La Rencontre Brassicole Montreal\"}]},{\"@type\":\"WebSite\",\"@id\":\"https:\/\/www.citybrewtours.com\/montreal\/#website\",\"url\":\"https:\/\/www.citybrewtours.com\/montreal\/\",\"name\":\"Montr\u00e9al Brew Tours - All-Inclusive, Guided Brewery Tours &amp; Events\",\"description\":\"Local Brewery Tours in Montreal, QC\",\"publisher\":{\"@id\":\"https:\/\/www.citybrewtours.com\/montreal\/#organization\"},\"potentialAction\":[{\"@type\":\"SearchAction\",\"target\":{\"@type\":\"EntryPoint\",\"urlTemplate\":\"https:\/\/www.citybrewtours.com\/montreal\/?s={search_term_string}\"},\"query-input\":\"required name=search_term_string\"}],\"inLanguage\":\"en-US\"},{\"@type\":\"Organization\",\"@id\":\"https:\/\/www.citybrewtours.com\/montreal\/#organization\",\"name\":\"City Brew Tours Montreal La Tourn\u00e9e Brasicole\",\"url\":\"https:\/\/www.citybrewtours.com\/montreal\/\",\"logo\":{\"@type\":\"ImageObject\",\"inLanguage\":\"en-US\",\"@id\":\"https:\/\/www.citybrewtours.com\/montreal\/#\/schema\/logo\/image\/\",\"url\":\"https:\/\/www.citybrewtours.com\/montreal\/wp-content\/uploads\/sites\/10\/2018\/04\/brown_horizontal_nyc.png\",\"contentUrl\":\"https:\/\/www.citybrewtours.com\/montreal\/wp-content\/uploads\/sites\/10\/2018\/04\/brown_horizontal_nyc.png\",\"width\":246,\"height\":90,\"caption\":\"City Brew Tours Montreal La Tourn\u00e9e Brasicole\"},\"image\":{\"@id\":\"https:\/\/www.citybrewtours.com\/montreal\/#\/schema\/logo\/image\/\"},\"sameAs\":[\"https:\/\/www.instagram.com\/citybrewtoursmtl\/\",\"https:\/\/www.facebook.com\/citybrewtoursMTL\/\"]}]}<\/script>\n<!-- \/ Yoast SEO plugin. -->","yoast_head_json":{"title":"La Rencontre Brassicole Montreal - Montr\u00e9al Brew Tours - All-Inclusive, Guided Brewery Tours &amp; Events","description":"Vivez une journ\u00e9e inoubliable sur La Rencontre Brassicole. Cette visite de brasserie artisanale est une introduction parfaite \u00e0 l'impressionnante sc\u00e8ne brassicole Qu\u00e9b\u00e9coise en constante \u00e9volution.","robots":{"index":"index","follow":"follow","max-snippet":"max-snippet:-1","max-image-preview":"max-image-preview:large","max-video-preview":"max-video-preview:-1"},"canonical":"https:\/\/www.citybrewtours.com\/montreal\/tours\/la-rencontre-brassicole\/","og_locale":"en_US","og_type":"article","og_title":"La Rencontre Brassicole Montreal - Montr\u00e9al Brew Tours - All-Inclusive, Guided Brewery Tours &amp; Events","og_description":"Vivez une journ\u00e9e inoubliable sur La Rencontre Brassicole. Cette visite de brasserie artisanale est une introduction parfaite \u00e0 l'impressionnante sc\u00e8ne brassicole Qu\u00e9b\u00e9coise en constante \u00e9volution.","og_url":"https:\/\/www.citybrewtours.com\/montreal\/fr\/tours\/la-rencontre-brassicole\/","og_site_name":"Montr\u00e9al Brew Tours - All-Inclusive, Guided Brewery Tours &amp; Events","article_publisher":"https:\/\/www.facebook.com\/citybrewtoursMTL\/","article_modified_time":"2026-01-05T17:29:33+00:00","twitter_card":"summary_large_image","twitter_misc":{"Est. reading time":"2 minutes"},"schema":{"@context":"https:\/\/schema.org","@graph":[{"@type":"WebPage","@id":"https:\/\/www.citybrewtours.com\/montreal\/fr\/tours\/la-rencontre-brassicole\/","url":"https:\/\/www.citybrewtours.com\/montreal\/fr\/tours\/la-rencontre-brassicole\/","name":"La Rencontre Brassicole Montreal - Montr\u00e9al Brew Tours - All-Inclusive, Guided Brewery Tours &amp; Events","isPartOf":{"@id":"https:\/\/www.citybrewtours.com\/montreal\/#website"},"datePublished":"2016-10-31T17:40:03+00:00","dateModified":"2026-01-05T17:29:33+00:00","description":"Vivez une journ\u00e9e inoubliable sur La Rencontre Brassicole. Cette visite de brasserie artisanale est une introduction parfaite \u00e0 l'impressionnante sc\u00e8ne brassicole Qu\u00e9b\u00e9coise en constante \u00e9volution.","breadcrumb":{"@id":"https:\/\/www.citybrewtours.com\/montreal\/fr\/tours\/la-rencontre-brassicole\/#breadcrumb"},"inLanguage":"en-US","potentialAction":[{"@type":"ReadAction","target":["https:\/\/www.citybrewtours.com\/montreal\/fr\/tours\/la-rencontre-brassicole\/"]}]},{"@type":"BreadcrumbList","@id":"https:\/\/www.citybrewtours.com\/montreal\/fr\/tours\/la-rencontre-brassicole\/#breadcrumb","itemListElement":[{"@type":"ListItem","position":1,"name":"Home","item":"https:\/\/www.citybrewtours.com\/montreal\/"},{"@type":"ListItem","position":2,"name":"Choisissez votre tourn\u00e9e","item":"https:\/\/www.citybrewtours.com\/montreal\/fr\/tours\/"},{"@type":"ListItem","position":3,"name":"La Rencontre Brassicole Montreal"}]},{"@type":"WebSite","@id":"https:\/\/www.citybrewtours.com\/montreal\/#website","url":"https:\/\/www.citybrewtours.com\/montreal\/","name":"Montr\u00e9al Brew Tours - All-Inclusive, Guided Brewery Tours &amp; Events","description":"Local Brewery Tours in Montreal, QC","publisher":{"@id":"https:\/\/www.citybrewtours.com\/montreal\/#organization"},"potentialAction":[{"@type":"SearchAction","target":{"@type":"EntryPoint","urlTemplate":"https:\/\/www.citybrewtours.com\/montreal\/?s={search_term_string}"},"query-input":"required name=search_term_string"}],"inLanguage":"en-US"},{"@type":"Organization","@id":"https:\/\/www.citybrewtours.com\/montreal\/#organization","name":"City Brew Tours Montreal La Tourn\u00e9e Brasicole","url":"https:\/\/www.citybrewtours.com\/montreal\/","logo":{"@type":"ImageObject","inLanguage":"en-US","@id":"https:\/\/www.citybrewtours.com\/montreal\/#\/schema\/logo\/image\/","url":"https:\/\/www.citybrewtours.com\/montreal\/wp-content\/uploads\/sites\/10\/2018\/04\/brown_horizontal_nyc.png","contentUrl":"https:\/\/www.citybrewtours.com\/montreal\/wp-content\/uploads\/sites\/10\/2018\/04\/brown_horizontal_nyc.png","width":246,"height":90,"caption":"City Brew Tours Montreal La Tourn\u00e9e Brasicole"},"image":{"@id":"https:\/\/www.citybrewtours.com\/montreal\/#\/schema\/logo\/image\/"},"sameAs":["https:\/\/www.instagram.com\/citybrewtoursmtl\/","https:\/\/www.facebook.com\/citybrewtoursMTL\/"]}]}},"_links":{"self":[{"href":"https:\/\/www.citybrewtours.com\/montreal\/wp-json\/wp\/v2\/pages\/2626"}],"collection":[{"href":"https:\/\/www.citybrewtours.com\/montreal\/wp-json\/wp\/v2\/pages"}],"about":[{"href":"https:\/\/www.citybrewtours.com\/montreal\/wp-json\/wp\/v2\/types\/page"}],"author":[{"embeddable":true,"href":"https:\/\/www.citybrewtours.com\/montreal\/wp-json\/wp\/v2\/users\/1"}],"replies":[{"embeddable":true,"href":"https:\/\/www.citybrewtours.com\/montreal\/wp-json\/wp\/v2\/comments?post=2626"}],"version-history":[{"count":0,"href":"https:\/\/www.citybrewtours.com\/montreal\/wp-json\/wp\/v2\/pages\/2626\/revisions"}],"up":[{"embeddable":true,"href":"https:\/\/www.citybrewtours.com\/montreal\/wp-json\/wp\/v2\/pages\/2567"}],"wp:attachment":[{"href":"https:\/\/www.citybrewtours.com\/montreal\/wp-json\/wp\/v2\/media?parent=2626"}],"curies":[{"name":"wp","href":"https:\/\/api.w.org\/{rel}","templated":true}]}}