{"id":2658,"date":"2017-03-05T21:56:41","date_gmt":"2017-03-05T21:56:41","guid":{"rendered":"https:\/\/www.citybrewtours.com\/montreal\/private-tours\/conventions-conferences-and-corporate-activities\/"},"modified":"2023-01-10T17:25:33","modified_gmt":"2023-01-10T17:25:33","slug":"conventions-conferences-et-activites-corporatives","status":"publish","type":"page","link":"https:\/\/www.citybrewtours.com\/montreal\/fr\/tournees-privees\/conventions-conferences-et-activites-corporatives\/","title":{"rendered":"Conventions et conf\u00e9rences"},"content":{"rendered":"<h3>Une conf\u00e9rence \u00e9ventuelle \u00e0 Montr\u00e9al ?<\/h3>\n<p>La tourn\u00e9e brassicole organise et planifie tous types de conventions et de conf\u00e9rences pour votre plus grand bonheur (4 \u00e0 500 personnes) ! Faites confiance \u00e0 une \u00e9quipe qui ma\u00eetrise les multiples indispensables \u00e9v\u00e9nementiels pour un r\u00e9sultat dont vous entendrez parler longtemps !<\/p>\n<div class=\"ezcol ezcol-one-third\">\n<p><img decoding=\"async\" class=\"alignnone size-full wp-image-1653 lazyload\" data-src=\"https:\/\/www.citybrewtours.com\/montreal\/wp-content\/uploads\/sites\/10\/2017\/03\/Cheers.jpg\" alt=\"Cheers\" width=\"2880\" height=\"2160\" data-srcset=\"https:\/\/www.citybrewtours.com\/montreal\/wp-content\/uploads\/sites\/10\/2017\/03\/Cheers.jpg 2880w, https:\/\/www.citybrewtours.com\/montreal\/wp-content\/uploads\/sites\/10\/2017\/03\/Cheers-300x225.jpg 300w, https:\/\/www.citybrewtours.com\/montreal\/wp-content\/uploads\/sites\/10\/2017\/03\/Cheers-768x576.jpg 768w, https:\/\/www.citybrewtours.com\/montreal\/wp-content\/uploads\/sites\/10\/2017\/03\/Cheers-1024x768.jpg 1024w\" data-sizes=\"(max-width: 2880px) 100vw, 2880px\" src=\"data:image\/svg+xml;base64,PHN2ZyB3aWR0aD0iMSIgaGVpZ2h0PSIxIiB4bWxucz0iaHR0cDovL3d3dy53My5vcmcvMjAwMC9zdmciPjwvc3ZnPg==\" style=\"--smush-placeholder-width: 2880px; --smush-placeholder-aspect-ratio: 2880\/2160;\" \/><\/p>\n<\/div>\n<div class=\"ezcol ezcol-one-third\">\n<p><img decoding=\"async\" class=\"alignnone size-full wp-image-1651 lazyload\" data-src=\"https:\/\/www.citybrewtours.com\/montreal\/wp-content\/uploads\/sites\/10\/2017\/03\/arial-eating.jpg\" alt=\"arial-eating\" width=\"2880\" height=\"2160\" data-srcset=\"https:\/\/www.citybrewtours.com\/montreal\/wp-content\/uploads\/sites\/10\/2017\/03\/arial-eating.jpg 2880w, https:\/\/www.citybrewtours.com\/montreal\/wp-content\/uploads\/sites\/10\/2017\/03\/arial-eating-300x225.jpg 300w, https:\/\/www.citybrewtours.com\/montreal\/wp-content\/uploads\/sites\/10\/2017\/03\/arial-eating-768x576.jpg 768w, https:\/\/www.citybrewtours.com\/montreal\/wp-content\/uploads\/sites\/10\/2017\/03\/arial-eating-1024x768.jpg 1024w\" data-sizes=\"(max-width: 2880px) 100vw, 2880px\" src=\"data:image\/svg+xml;base64,PHN2ZyB3aWR0aD0iMSIgaGVpZ2h0PSIxIiB4bWxucz0iaHR0cDovL3d3dy53My5vcmcvMjAwMC9zdmciPjwvc3ZnPg==\" style=\"--smush-placeholder-width: 2880px; --smush-placeholder-aspect-ratio: 2880\/2160;\" \/><\/p>\n<\/div>\n<div class=\"ezcol ezcol-one-third ezcol-last\">\n<p><img decoding=\"async\" class=\"alignnone size-full wp-image-1652 lazyload\" data-src=\"https:\/\/www.citybrewtours.com\/montreal\/wp-content\/uploads\/sites\/10\/2017\/03\/brew-room-3.jpg\" alt=\"brew-room\" width=\"2880\" height=\"2160\" data-srcset=\"https:\/\/www.citybrewtours.com\/montreal\/wp-content\/uploads\/sites\/10\/2017\/03\/brew-room-3.jpg 2880w, https:\/\/www.citybrewtours.com\/montreal\/wp-content\/uploads\/sites\/10\/2017\/03\/brew-room-3-300x225.jpg 300w, https:\/\/www.citybrewtours.com\/montreal\/wp-content\/uploads\/sites\/10\/2017\/03\/brew-room-3-768x576.jpg 768w, https:\/\/www.citybrewtours.com\/montreal\/wp-content\/uploads\/sites\/10\/2017\/03\/brew-room-3-1024x768.jpg 1024w\" data-sizes=\"(max-width: 2880px) 100vw, 2880px\" src=\"data:image\/svg+xml;base64,PHN2ZyB3aWR0aD0iMSIgaGVpZ2h0PSIxIiB4bWxucz0iaHR0cDovL3d3dy53My5vcmcvMjAwMC9zdmciPjwvc3ZnPg==\" style=\"--smush-placeholder-width: 2880px; --smush-placeholder-aspect-ratio: 2880\/2160;\" \/><\/p>\n<\/div>\n<div class=\"ezcol-divider\"><\/div>\n<h3>Un budget \u00e0 respecter\u00a0: on s\u2019y conna\u00eet !<\/h3>\n<p>Aucun \u00e9v\u00e9nement corporatif n\u2019\u00e9chappe au fameux budget ! Nous avons su faire de cet impond\u00e9rable un atout, en cr\u00e9ant une offre ajustable \u00e0 tous les types de budgets possibles (peu importe la taille du groupe \u00e0 pr\u00e9voir). Comme quoi la promesse d\u2019un \u00e9v\u00e9nement \u00e0 la hauteur de vos attentes respectant certaines limites n\u2019est en rien illusoire.<\/p>\n<p>D\u00e8s les premi\u00e8res minutes de discussion avec vous, nous savons quelle direction faire prendre votre \u00e9v\u00e9nement \u00e0 venir\u00a0: ce qui nous importe le plus, c\u2019est de rendre ce dernier amusant, sans oublier qu\u2019il doit demeurer s\u00e9curitaire pour les participants.\u00a0Les tours de La tourn\u00e9e brassicole sont entrepris par un guide dynamique et int\u00e9ressant, vous \u00e9tant enti\u00e8rement d\u00e9di\u00e9 pour la dur\u00e9e compl\u00e8te du trajet. En respectant cette derni\u00e8re, le nombre d\u2019arr\u00eats souhait\u00e9s et le nombre d\u2019\u00e9chantillons d\u00e9sir\u00e9s, notre guide optimisera votre tour pour vous en mettre plein la vue et surtout ; plein la bouche !<\/p>\n<h3>Louez un guide expert<\/h3>\n<p>Vous n\u2019avez pas le temps de faire une visite guid\u00e9e compl\u00e8te, mais souhaitez tout de m\u00eame ajouter du plaisir et du piquant \u00e0 votre \u00e9v\u00e9nement ? Nous proposons des services de location de guides, qui pourront se d\u00e9placer dans vos espaces \u00e9v\u00e9nementiels. Divertissants et dynamiques notre \u00e9quipe saura vous impressionner en vous faisant d\u00e9guster des bi\u00e8res artisanales, tout en vous laissant bouche b\u00e9e quant \u00e0 l\u2019histoire, la provenance de ces derni\u00e8res, ainsi que leurs m\u00e9thodes de fabrication.\u00a0Faites confiante \u00e0 notre \u00e9quipe pour faire lever l\u2019ambiance, tout en vous faisant lever votre verre !<\/p>\n<div class=\"ezcol ezcol-one-half\">\n<p>Les cours pass\u00e9s comprenaient\u00a0:<\/p>\n<ul>\n<li>D\u00e9gustation de bi\u00e8res (populaire)<\/li>\n<li>Bi\u00e8re\u00a0101\u00a0: introduction \u00e0 la bi\u00e8res<\/li>\n<li>Bi\u00e8res belges<\/li>\n<li>Bi\u00e8re artisanale du Monde<\/li>\n<li>Double IPA<\/li>\n<li>Histoire de la bi\u00e8re<\/li>\n<li>\u00c9valuation sensorielle<\/li>\n<li>Ale s\u00fbre<\/li>\n<\/ul>\n<\/div>\n<div class=\"ezcol ezcol-one-half ezcol-last\">\n<p><img decoding=\"async\" class=\"alignnone wp-image-1768 size-full lazyload\" data-src=\"https:\/\/www.citybrewtours.com\/montreal\/wp-content\/uploads\/sites\/10\/2017\/03\/beer-guide-shirt.jpg\" alt=\"beer-guide-shirt\" width=\"979\" height=\"734\" data-srcset=\"https:\/\/www.citybrewtours.com\/montreal\/wp-content\/uploads\/sites\/10\/2017\/03\/beer-guide-shirt.jpg 979w, https:\/\/www.citybrewtours.com\/montreal\/wp-content\/uploads\/sites\/10\/2017\/03\/beer-guide-shirt-300x225.jpg 300w, https:\/\/www.citybrewtours.com\/montreal\/wp-content\/uploads\/sites\/10\/2017\/03\/beer-guide-shirt-768x576.jpg 768w\" data-sizes=\"(max-width: 979px) 100vw, 979px\" src=\"data:image\/svg+xml;base64,PHN2ZyB3aWR0aD0iMSIgaGVpZ2h0PSIxIiB4bWxucz0iaHR0cDovL3d3dy53My5vcmcvMjAwMC9zdmciPjwvc3ZnPg==\" style=\"--smush-placeholder-width: 979px; --smush-placeholder-aspect-ratio: 979\/734;\" \/><\/p>\n<\/div>\n<div class=\"ezcol-divider\"><\/div>\n<p>Contactez-nous d\u00e8s aujourd\u2019hui et port\u00e9e un <strong><u>\u2039\u2039<\/u><\/strong>toast<strong><u>\u203a<\/u><\/strong><strong><u>\u203a<\/u><\/strong> \u00e0 un \u00e9v\u00e9nement fait maison!<\/p>\n<p><strong>Email:<\/strong>\u00a0<a href=\"mailto:danielle@brewtours.us\">jade@citybrewtours.com<\/a><br \/>\n<strong>Phone:<\/strong> (438) 503-5903<\/p>\n<p><span class=\"button-wrap\"><a href=\"https:\/\/www.citybrewtours.com\/montreal\/tournees-privees\/inquiry\/?lang=fr\" class=\"button button-light\" target=\"\">Demande de proposition<\/a><\/span><\/p>\n","protected":false},"excerpt":{"rendered":"<p>Une conf\u00e9rence \u00e9ventuelle \u00e0 Montr\u00e9al ? La tourn\u00e9e brassicole organise et planifie tous types de conventions et de conf\u00e9rences pour votre plus grand bonheur (4 \u00e0 500 personnes) ! Faites confiance \u00e0 une \u00e9quipe qui ma\u00eetrise les multiples indispensables \u00e9v\u00e9nementiels pour un r\u00e9sultat dont vous entendrez parler longtemps ! Un budget \u00e0 respecter\u00a0: on s\u2019y [&hellip;]<\/p>\n","protected":false},"author":3,"featured_media":2660,"parent":2648,"menu_order":0,"comment_status":"closed","ping_status":"closed","template":"page-tpl-leftmenu.php","meta":[],"acf":[],"yoast_head":"<!-- This site is optimized with the Yoast SEO plugin v19.10 - https:\/\/yoast.com\/wordpress\/plugins\/seo\/ -->\n<title>Conventions et conf\u00e9rences - Montr\u00e9al Brew Tours - All-Inclusive, Guided Brewery Tours &amp; Events<\/title>\n<meta name=\"description\" content=\"Nous planifions et am\u00e9liorons continuellement les \u00e9v\u00e9nements priv\u00e9s dans les microbrasserie depuis 2008. L\u2019exp\u00e9rience gustative est souvent la pierre angulaire de la r\u00e9ussite d&#039;un \u00e9v\u00e9nement, petit ou grand. Laissez nous vous impressionner avec notre polyvalence dans l&#039;\u00e9v\u00e9nementielle.\" \/>\n<meta name=\"robots\" content=\"index, follow, max-snippet:-1, max-image-preview:large, max-video-preview:-1\" \/>\n<link rel=\"canonical\" href=\"https:\/\/www.citybrewtours.com\/montreal\/tournees-privees\/conventions-conferences-et-activites-corporatives\/\" \/>\n<meta property=\"og:locale\" content=\"en_US\" \/>\n<meta property=\"og:type\" content=\"article\" \/>\n<meta property=\"og:title\" content=\"Conventions et conf\u00e9rences - Montr\u00e9al Brew Tours - All-Inclusive, Guided Brewery Tours &amp; Events\" \/>\n<meta property=\"og:description\" content=\"Nous planifions et am\u00e9liorons continuellement les \u00e9v\u00e9nements priv\u00e9s dans les microbrasserie depuis 2008. L\u2019exp\u00e9rience gustative est souvent la pierre angulaire de la r\u00e9ussite d&#039;un \u00e9v\u00e9nement, petit ou grand. Laissez nous vous impressionner avec notre polyvalence dans l&#039;\u00e9v\u00e9nementielle.\" \/>\n<meta property=\"og:url\" content=\"https:\/\/www.citybrewtours.com\/montreal\/fr\/tournees-privees\/conventions-conferences-et-activites-corporatives\/\" \/>\n<meta property=\"og:site_name\" content=\"Montr\u00e9al Brew Tours - All-Inclusive, Guided Brewery Tours &amp; Events\" \/>\n<meta property=\"article:publisher\" content=\"https:\/\/www.facebook.com\/citybrewtoursMTL\/\" \/>\n<meta property=\"article:modified_time\" content=\"2023-01-10T17:25:33+00:00\" \/>\n<meta property=\"og:image\" content=\"https:\/\/www.citybrewtours.com\/montreal\/wp-content\/uploads\/sites\/10\/2017\/03\/night-shift-2-1.jpg\" \/>\n\t<meta property=\"og:image:width\" content=\"2880\" \/>\n\t<meta property=\"og:image:height\" content=\"960\" \/>\n\t<meta property=\"og:image:type\" content=\"image\/jpeg\" \/>\n<meta name=\"twitter:card\" content=\"summary_large_image\" \/>\n<meta name=\"twitter:label1\" content=\"Est. reading time\" \/>\n\t<meta name=\"twitter:data1\" content=\"3 minutes\" \/>\n<script type=\"application\/ld+json\" class=\"yoast-schema-graph\">{\"@context\":\"https:\/\/schema.org\",\"@graph\":[{\"@type\":\"WebPage\",\"@id\":\"https:\/\/www.citybrewtours.com\/montreal\/fr\/tournees-privees\/conventions-conferences-et-activites-corporatives\/\",\"url\":\"https:\/\/www.citybrewtours.com\/montreal\/fr\/tournees-privees\/conventions-conferences-et-activites-corporatives\/\",\"name\":\"Conventions et conf\u00e9rences - Montr\u00e9al Brew Tours - All-Inclusive, Guided Brewery Tours &amp; Events\",\"isPartOf\":{\"@id\":\"https:\/\/www.citybrewtours.com\/montreal\/#website\"},\"datePublished\":\"2017-03-05T21:56:41+00:00\",\"dateModified\":\"2023-01-10T17:25:33+00:00\",\"description\":\"Nous planifions et am\u00e9liorons continuellement les \u00e9v\u00e9nements priv\u00e9s dans les microbrasserie depuis 2008. L\u2019exp\u00e9rience gustative est souvent la pierre angulaire de la r\u00e9ussite d'un \u00e9v\u00e9nement, petit ou grand. Laissez nous vous impressionner avec notre polyvalence dans l'\u00e9v\u00e9nementielle.\",\"breadcrumb\":{\"@id\":\"https:\/\/www.citybrewtours.com\/montreal\/fr\/tournees-privees\/conventions-conferences-et-activites-corporatives\/#breadcrumb\"},\"inLanguage\":\"en-US\",\"potentialAction\":[{\"@type\":\"ReadAction\",\"target\":[\"https:\/\/www.citybrewtours.com\/montreal\/fr\/tournees-privees\/conventions-conferences-et-activites-corporatives\/\"]}]},{\"@type\":\"BreadcrumbList\",\"@id\":\"https:\/\/www.citybrewtours.com\/montreal\/fr\/tournees-privees\/conventions-conferences-et-activites-corporatives\/#breadcrumb\",\"itemListElement\":[{\"@type\":\"ListItem\",\"position\":1,\"name\":\"Home\",\"item\":\"https:\/\/www.citybrewtours.com\/montreal\/\"},{\"@type\":\"ListItem\",\"position\":2,\"name\":\"Tourn\u00e9es priv\u00e9es\",\"item\":\"https:\/\/www.citybrewtours.com\/montreal\/fr\/tournees-privees\/\"},{\"@type\":\"ListItem\",\"position\":3,\"name\":\"Conventions et conf\u00e9rences\"}]},{\"@type\":\"WebSite\",\"@id\":\"https:\/\/www.citybrewtours.com\/montreal\/#website\",\"url\":\"https:\/\/www.citybrewtours.com\/montreal\/\",\"name\":\"Montr\u00e9al Brew Tours - All-Inclusive, Guided Brewery Tours &amp; Events\",\"description\":\"Local Brewery Tours in Montreal, QC\",\"publisher\":{\"@id\":\"https:\/\/www.citybrewtours.com\/montreal\/#organization\"},\"potentialAction\":[{\"@type\":\"SearchAction\",\"target\":{\"@type\":\"EntryPoint\",\"urlTemplate\":\"https:\/\/www.citybrewtours.com\/montreal\/?s={search_term_string}\"},\"query-input\":\"required name=search_term_string\"}],\"inLanguage\":\"en-US\"},{\"@type\":\"Organization\",\"@id\":\"https:\/\/www.citybrewtours.com\/montreal\/#organization\",\"name\":\"City Brew Tours Montreal La Tourn\u00e9e Brasicole\",\"url\":\"https:\/\/www.citybrewtours.com\/montreal\/\",\"logo\":{\"@type\":\"ImageObject\",\"inLanguage\":\"en-US\",\"@id\":\"https:\/\/www.citybrewtours.com\/montreal\/#\/schema\/logo\/image\/\",\"url\":\"https:\/\/www.citybrewtours.com\/montreal\/wp-content\/uploads\/sites\/10\/2018\/04\/brown_horizontal_nyc.png\",\"contentUrl\":\"https:\/\/www.citybrewtours.com\/montreal\/wp-content\/uploads\/sites\/10\/2018\/04\/brown_horizontal_nyc.png\",\"width\":246,\"height\":90,\"caption\":\"City Brew Tours Montreal La Tourn\u00e9e Brasicole\"},\"image\":{\"@id\":\"https:\/\/www.citybrewtours.com\/montreal\/#\/schema\/logo\/image\/\"},\"sameAs\":[\"https:\/\/www.instagram.com\/citybrewtoursmtl\/\",\"https:\/\/www.facebook.com\/citybrewtoursMTL\/\"]}]}<\/script>\n<!-- \/ Yoast SEO plugin. -->","yoast_head_json":{"title":"Conventions et conf\u00e9rences - Montr\u00e9al Brew Tours - All-Inclusive, Guided Brewery Tours &amp; Events","description":"Nous planifions et am\u00e9liorons continuellement les \u00e9v\u00e9nements priv\u00e9s dans les microbrasserie depuis 2008. L\u2019exp\u00e9rience gustative est souvent la pierre angulaire de la r\u00e9ussite d'un \u00e9v\u00e9nement, petit ou grand. Laissez nous vous impressionner avec notre polyvalence dans l'\u00e9v\u00e9nementielle.","robots":{"index":"index","follow":"follow","max-snippet":"max-snippet:-1","max-image-preview":"max-image-preview:large","max-video-preview":"max-video-preview:-1"},"canonical":"https:\/\/www.citybrewtours.com\/montreal\/tournees-privees\/conventions-conferences-et-activites-corporatives\/","og_locale":"en_US","og_type":"article","og_title":"Conventions et conf\u00e9rences - Montr\u00e9al Brew Tours - All-Inclusive, Guided Brewery Tours &amp; Events","og_description":"Nous planifions et am\u00e9liorons continuellement les \u00e9v\u00e9nements priv\u00e9s dans les microbrasserie depuis 2008. L\u2019exp\u00e9rience gustative est souvent la pierre angulaire de la r\u00e9ussite d'un \u00e9v\u00e9nement, petit ou grand. Laissez nous vous impressionner avec notre polyvalence dans l'\u00e9v\u00e9nementielle.","og_url":"https:\/\/www.citybrewtours.com\/montreal\/fr\/tournees-privees\/conventions-conferences-et-activites-corporatives\/","og_site_name":"Montr\u00e9al Brew Tours - All-Inclusive, Guided Brewery Tours &amp; Events","article_publisher":"https:\/\/www.facebook.com\/citybrewtoursMTL\/","article_modified_time":"2023-01-10T17:25:33+00:00","og_image":[{"width":2880,"height":960,"url":"https:\/\/www.citybrewtours.com\/montreal\/wp-content\/uploads\/sites\/10\/2017\/03\/night-shift-2-1.jpg","type":"image\/jpeg"}],"twitter_card":"summary_large_image","twitter_misc":{"Est. reading time":"3 minutes"},"schema":{"@context":"https:\/\/schema.org","@graph":[{"@type":"WebPage","@id":"https:\/\/www.citybrewtours.com\/montreal\/fr\/tournees-privees\/conventions-conferences-et-activites-corporatives\/","url":"https:\/\/www.citybrewtours.com\/montreal\/fr\/tournees-privees\/conventions-conferences-et-activites-corporatives\/","name":"Conventions et conf\u00e9rences - Montr\u00e9al Brew Tours - All-Inclusive, Guided Brewery Tours &amp; Events","isPartOf":{"@id":"https:\/\/www.citybrewtours.com\/montreal\/#website"},"datePublished":"2017-03-05T21:56:41+00:00","dateModified":"2023-01-10T17:25:33+00:00","description":"Nous planifions et am\u00e9liorons continuellement les \u00e9v\u00e9nements priv\u00e9s dans les microbrasserie depuis 2008. L\u2019exp\u00e9rience gustative est souvent la pierre angulaire de la r\u00e9ussite d'un \u00e9v\u00e9nement, petit ou grand. Laissez nous vous impressionner avec notre polyvalence dans l'\u00e9v\u00e9nementielle.","breadcrumb":{"@id":"https:\/\/www.citybrewtours.com\/montreal\/fr\/tournees-privees\/conventions-conferences-et-activites-corporatives\/#breadcrumb"},"inLanguage":"en-US","potentialAction":[{"@type":"ReadAction","target":["https:\/\/www.citybrewtours.com\/montreal\/fr\/tournees-privees\/conventions-conferences-et-activites-corporatives\/"]}]},{"@type":"BreadcrumbList","@id":"https:\/\/www.citybrewtours.com\/montreal\/fr\/tournees-privees\/conventions-conferences-et-activites-corporatives\/#breadcrumb","itemListElement":[{"@type":"ListItem","position":1,"name":"Home","item":"https:\/\/www.citybrewtours.com\/montreal\/"},{"@type":"ListItem","position":2,"name":"Tourn\u00e9es priv\u00e9es","item":"https:\/\/www.citybrewtours.com\/montreal\/fr\/tournees-privees\/"},{"@type":"ListItem","position":3,"name":"Conventions et conf\u00e9rences"}]},{"@type":"WebSite","@id":"https:\/\/www.citybrewtours.com\/montreal\/#website","url":"https:\/\/www.citybrewtours.com\/montreal\/","name":"Montr\u00e9al Brew Tours - All-Inclusive, Guided Brewery Tours &amp; Events","description":"Local Brewery Tours in Montreal, QC","publisher":{"@id":"https:\/\/www.citybrewtours.com\/montreal\/#organization"},"potentialAction":[{"@type":"SearchAction","target":{"@type":"EntryPoint","urlTemplate":"https:\/\/www.citybrewtours.com\/montreal\/?s={search_term_string}"},"query-input":"required name=search_term_string"}],"inLanguage":"en-US"},{"@type":"Organization","@id":"https:\/\/www.citybrewtours.com\/montreal\/#organization","name":"City Brew Tours Montreal La Tourn\u00e9e Brasicole","url":"https:\/\/www.citybrewtours.com\/montreal\/","logo":{"@type":"ImageObject","inLanguage":"en-US","@id":"https:\/\/www.citybrewtours.com\/montreal\/#\/schema\/logo\/image\/","url":"https:\/\/www.citybrewtours.com\/montreal\/wp-content\/uploads\/sites\/10\/2018\/04\/brown_horizontal_nyc.png","contentUrl":"https:\/\/www.citybrewtours.com\/montreal\/wp-content\/uploads\/sites\/10\/2018\/04\/brown_horizontal_nyc.png","width":246,"height":90,"caption":"City Brew Tours Montreal La Tourn\u00e9e Brasicole"},"image":{"@id":"https:\/\/www.citybrewtours.com\/montreal\/#\/schema\/logo\/image\/"},"sameAs":["https:\/\/www.instagram.com\/citybrewtoursmtl\/","https:\/\/www.facebook.com\/citybrewtoursMTL\/"]}]}},"_links":{"self":[{"href":"https:\/\/www.citybrewtours.com\/montreal\/wp-json\/wp\/v2\/pages\/2658"}],"collection":[{"href":"https:\/\/www.citybrewtours.com\/montreal\/wp-json\/wp\/v2\/pages"}],"about":[{"href":"https:\/\/www.citybrewtours.com\/montreal\/wp-json\/wp\/v2\/types\/page"}],"author":[{"embeddable":true,"href":"https:\/\/www.citybrewtours.com\/montreal\/wp-json\/wp\/v2\/users\/3"}],"replies":[{"embeddable":true,"href":"https:\/\/www.citybrewtours.com\/montreal\/wp-json\/wp\/v2\/comments?post=2658"}],"version-history":[{"count":0,"href":"https:\/\/www.citybrewtours.com\/montreal\/wp-json\/wp\/v2\/pages\/2658\/revisions"}],"up":[{"embeddable":true,"href":"https:\/\/www.citybrewtours.com\/montreal\/wp-json\/wp\/v2\/pages\/2648"}],"wp:featuredmedia":[{"embeddable":true,"href":"https:\/\/www.citybrewtours.com\/montreal\/wp-json\/wp\/v2\/media\/2660"}],"wp:attachment":[{"href":"https:\/\/www.citybrewtours.com\/montreal\/wp-json\/wp\/v2\/media?parent=2658"}],"curies":[{"name":"wp","href":"https:\/\/api.w.org\/{rel}","templated":true}]}}