{"id":3010,"date":"2017-03-05T19:55:43","date_gmt":"2017-03-05T19:55:43","guid":{"rendered":"https:\/\/www.citybrewtours.com\/montreal\/breweries\/brooklyn-brewery\/"},"modified":"2023-01-11T17:54:16","modified_gmt":"2023-01-11T17:54:16","slug":"4-origines","status":"publish","type":"page","link":"https:\/\/www.citybrewtours.com\/montreal\/fr\/breweries\/4-origines\/","title":{"rendered":"Microbrasserie 4 Origines"},"content":{"rendered":"<p><img decoding=\"async\" class=\"alignnone size-full wp-image-3088 lazyload\" data-src=\"https:\/\/www.citybrewtours.com\/montreal\/wp-content\/uploads\/sites\/10\/2018\/08\/4-ORIGINES-DKJS.jpg\" alt=\"ORIGINES\" width=\"1920\" height=\"1280\" data-srcset=\"https:\/\/www.citybrewtours.com\/montreal\/wp-content\/uploads\/sites\/10\/2018\/08\/4-ORIGINES-DKJS.jpg 1920w, https:\/\/www.citybrewtours.com\/montreal\/wp-content\/uploads\/sites\/10\/2018\/08\/4-ORIGINES-DKJS-300x200.jpg 300w, https:\/\/www.citybrewtours.com\/montreal\/wp-content\/uploads\/sites\/10\/2018\/08\/4-ORIGINES-DKJS-768x512.jpg 768w, https:\/\/www.citybrewtours.com\/montreal\/wp-content\/uploads\/sites\/10\/2018\/08\/4-ORIGINES-DKJS-1024x683.jpg 1024w, https:\/\/www.citybrewtours.com\/montreal\/wp-content\/uploads\/sites\/10\/2018\/08\/4-ORIGINES-DKJS-600x400.jpg 600w, https:\/\/www.citybrewtours.com\/montreal\/wp-content\/uploads\/sites\/10\/2018\/08\/4-ORIGINES-DKJS-335x223.jpg 335w, https:\/\/www.citybrewtours.com\/montreal\/wp-content\/uploads\/sites\/10\/2018\/08\/4-ORIGINES-DKJS-115x76.jpg 115w\" data-sizes=\"(max-width: 1920px) 100vw, 1920px\" src=\"data:image\/svg+xml;base64,PHN2ZyB3aWR0aD0iMSIgaGVpZ2h0PSIxIiB4bWxucz0iaHR0cDovL3d3dy53My5vcmcvMjAwMC9zdmciPjwvc3ZnPg==\" style=\"--smush-placeholder-width: 1920px; --smush-placeholder-aspect-ratio: 1920\/1280;\" \/><\/p>\n<p>Les quatre origines de Montr\u00e9al ne forment maintenant plus qu\u2019un \u00e9l\u00e9ment distinct, celui qui manquait \u00e0 la ville; une brasserie industrielle avec un salon de d\u00e9gustations pouvant accueillir une centaine de personnes! 4 Origines a ouvert ses portes tout r\u00e9cemment et vaut absolument le d\u00e9tour. Des produits con\u00e7us par des passionn\u00e9s et tr\u00e8s soucieux du d\u00e9tail, ils vous feront d\u00e9couvrir les racines de la ville de Montr\u00e9al!<\/p>\n<h6>Addresse<\/h6>\n<p>1304 St-Patrick, Montr\u00e9al, Qc H3K 1A4<\/p>\n<h6>Website<\/h6>\n<p><a href=\"https:\/\/4origines.com\/\" target=\"_blank\" rel=\"noopener noreferrer\">Click here<\/a><\/p>\n<p><span class=\"button-wrap\"><a href=\"https:\/\/www.citybrewtours.com\/montreal\/tours\/?lang=fr\" class=\"button button-light\" target=\"\">Reserver Maintenant<\/a><\/span><\/p>\n","protected":false},"excerpt":{"rendered":"<p>Les quatre origines de Montr\u00e9al ne forment maintenant plus qu\u2019un \u00e9l\u00e9ment distinct, celui qui manquait \u00e0 la ville; une brasserie industrielle avec un salon de d\u00e9gustations pouvant accueillir une centaine de personnes! 4 Origines a ouvert ses portes tout r\u00e9cemment et vaut absolument le d\u00e9tour. Des produits con\u00e7us par des passionn\u00e9s et tr\u00e8s soucieux du [&hellip;]<\/p>\n","protected":false},"author":3,"featured_media":3084,"parent":2644,"menu_order":0,"comment_status":"closed","ping_status":"closed","template":"page-tpl-leftmenu.php","meta":[],"acf":[],"yoast_head":"<!-- This site is optimized with the Yoast SEO plugin v19.10 - https:\/\/yoast.com\/wordpress\/plugins\/seo\/ -->\n<title>Microbrasserie 4 Origines - Montr\u00e9al Brew Tours - All-Inclusive, Guided Brewery Tours &amp; Events<\/title>\n<meta name=\"description\" content=\"La philosophie de la brasserie 4 Origines repose sur l\u2019unicit\u00e9 brassicole de Montr\u00e9al, o\u00f9 son h\u00e9ritage s\u2019harmonise avec son\u00a0 pr\u00e9sent pour lui conf\u00e9rer sa propre identit\u00e9. Encore de nos jours, Montr\u00e9al continue de prosp\u00e9rer grace aux 4 fondateur de cette endroit unique.\u00a0\" \/>\n<meta name=\"robots\" content=\"index, follow, max-snippet:-1, max-image-preview:large, max-video-preview:-1\" \/>\n<link rel=\"canonical\" href=\"https:\/\/www.citybrewtours.com\/montreal\/breweries\/4-origines\/\" \/>\n<meta property=\"og:locale\" content=\"en_US\" \/>\n<meta property=\"og:type\" content=\"article\" \/>\n<meta property=\"og:title\" content=\"Microbrasserie 4 Origines - Montr\u00e9al Brew Tours - All-Inclusive, Guided Brewery Tours &amp; Events\" \/>\n<meta property=\"og:description\" content=\"La philosophie de la brasserie 4 Origines repose sur l\u2019unicit\u00e9 brassicole de Montr\u00e9al, o\u00f9 son h\u00e9ritage s\u2019harmonise avec son\u00a0 pr\u00e9sent pour lui conf\u00e9rer sa propre identit\u00e9. Encore de nos jours, Montr\u00e9al continue de prosp\u00e9rer grace aux 4 fondateur de cette endroit unique.\u00a0\" \/>\n<meta property=\"og:url\" content=\"https:\/\/www.citybrewtours.com\/montreal\/fr\/breweries\/4-origines\/\" \/>\n<meta property=\"og:site_name\" content=\"Montr\u00e9al Brew Tours - All-Inclusive, Guided Brewery Tours &amp; Events\" \/>\n<meta property=\"article:publisher\" content=\"https:\/\/www.facebook.com\/citybrewtoursMTL\/\" \/>\n<meta property=\"article:modified_time\" content=\"2023-01-11T17:54:16+00:00\" \/>\n<meta property=\"og:image\" content=\"https:\/\/www.citybrewtours.com\/montreal\/wp-content\/uploads\/sites\/10\/2018\/08\/Brewery-slider-4-origines.jpg\" \/>\n\t<meta property=\"og:image:width\" content=\"1920\" \/>\n\t<meta property=\"og:image:height\" content=\"1440\" \/>\n\t<meta property=\"og:image:type\" content=\"image\/jpeg\" \/>\n<meta name=\"twitter:card\" content=\"summary_large_image\" \/>\n<meta name=\"twitter:label1\" content=\"Est. reading time\" \/>\n\t<meta name=\"twitter:data1\" content=\"1 minute\" \/>\n<script type=\"application\/ld+json\" class=\"yoast-schema-graph\">{\"@context\":\"https:\/\/schema.org\",\"@graph\":[{\"@type\":\"WebPage\",\"@id\":\"https:\/\/www.citybrewtours.com\/montreal\/fr\/breweries\/4-origines\/\",\"url\":\"https:\/\/www.citybrewtours.com\/montreal\/fr\/breweries\/4-origines\/\",\"name\":\"Microbrasserie 4 Origines - Montr\u00e9al Brew Tours - All-Inclusive, Guided Brewery Tours &amp; Events\",\"isPartOf\":{\"@id\":\"https:\/\/www.citybrewtours.com\/montreal\/#website\"},\"datePublished\":\"2017-03-05T19:55:43+00:00\",\"dateModified\":\"2023-01-11T17:54:16+00:00\",\"description\":\"La philosophie de la brasserie 4 Origines repose sur l\u2019unicit\u00e9 brassicole de Montr\u00e9al, o\u00f9 son h\u00e9ritage s\u2019harmonise avec son\u00a0 pr\u00e9sent pour lui conf\u00e9rer sa propre identit\u00e9. Encore de nos jours, Montr\u00e9al continue de prosp\u00e9rer grace aux 4 fondateur de cette endroit unique.\u00a0\",\"breadcrumb\":{\"@id\":\"https:\/\/www.citybrewtours.com\/montreal\/fr\/breweries\/4-origines\/#breadcrumb\"},\"inLanguage\":\"en-US\",\"potentialAction\":[{\"@type\":\"ReadAction\",\"target\":[\"https:\/\/www.citybrewtours.com\/montreal\/fr\/breweries\/4-origines\/\"]}]},{\"@type\":\"BreadcrumbList\",\"@id\":\"https:\/\/www.citybrewtours.com\/montreal\/fr\/breweries\/4-origines\/#breadcrumb\",\"itemListElement\":[{\"@type\":\"ListItem\",\"position\":1,\"name\":\"Home\",\"item\":\"https:\/\/www.citybrewtours.com\/montreal\/\"},{\"@type\":\"ListItem\",\"position\":2,\"name\":\"Brasseries de Montr\u00e9al\",\"item\":\"https:\/\/www.citybrewtours.com\/montreal\/breweries\/\"},{\"@type\":\"ListItem\",\"position\":3,\"name\":\"Microbrasserie 4 Origines\"}]},{\"@type\":\"WebSite\",\"@id\":\"https:\/\/www.citybrewtours.com\/montreal\/#website\",\"url\":\"https:\/\/www.citybrewtours.com\/montreal\/\",\"name\":\"Montr\u00e9al Brew Tours - All-Inclusive, Guided Brewery Tours &amp; Events\",\"description\":\"Local Brewery Tours in Montreal, QC\",\"publisher\":{\"@id\":\"https:\/\/www.citybrewtours.com\/montreal\/#organization\"},\"potentialAction\":[{\"@type\":\"SearchAction\",\"target\":{\"@type\":\"EntryPoint\",\"urlTemplate\":\"https:\/\/www.citybrewtours.com\/montreal\/?s={search_term_string}\"},\"query-input\":\"required name=search_term_string\"}],\"inLanguage\":\"en-US\"},{\"@type\":\"Organization\",\"@id\":\"https:\/\/www.citybrewtours.com\/montreal\/#organization\",\"name\":\"City Brew Tours Montreal La Tourn\u00e9e Brasicole\",\"url\":\"https:\/\/www.citybrewtours.com\/montreal\/\",\"logo\":{\"@type\":\"ImageObject\",\"inLanguage\":\"en-US\",\"@id\":\"https:\/\/www.citybrewtours.com\/montreal\/#\/schema\/logo\/image\/\",\"url\":\"https:\/\/www.citybrewtours.com\/montreal\/wp-content\/uploads\/sites\/10\/2018\/04\/brown_horizontal_nyc.png\",\"contentUrl\":\"https:\/\/www.citybrewtours.com\/montreal\/wp-content\/uploads\/sites\/10\/2018\/04\/brown_horizontal_nyc.png\",\"width\":246,\"height\":90,\"caption\":\"City Brew Tours Montreal La Tourn\u00e9e Brasicole\"},\"image\":{\"@id\":\"https:\/\/www.citybrewtours.com\/montreal\/#\/schema\/logo\/image\/\"},\"sameAs\":[\"https:\/\/www.instagram.com\/citybrewtoursmtl\/\",\"https:\/\/www.facebook.com\/citybrewtoursMTL\/\"]}]}<\/script>\n<!-- \/ Yoast SEO plugin. -->","yoast_head_json":{"title":"Microbrasserie 4 Origines - Montr\u00e9al Brew Tours - All-Inclusive, Guided Brewery Tours &amp; Events","description":"La philosophie de la brasserie 4 Origines repose sur l\u2019unicit\u00e9 brassicole de Montr\u00e9al, o\u00f9 son h\u00e9ritage s\u2019harmonise avec son\u00a0 pr\u00e9sent pour lui conf\u00e9rer sa propre identit\u00e9. Encore de nos jours, Montr\u00e9al continue de prosp\u00e9rer grace aux 4 fondateur de cette endroit unique.\u00a0","robots":{"index":"index","follow":"follow","max-snippet":"max-snippet:-1","max-image-preview":"max-image-preview:large","max-video-preview":"max-video-preview:-1"},"canonical":"https:\/\/www.citybrewtours.com\/montreal\/breweries\/4-origines\/","og_locale":"en_US","og_type":"article","og_title":"Microbrasserie 4 Origines - Montr\u00e9al Brew Tours - All-Inclusive, Guided Brewery Tours &amp; Events","og_description":"La philosophie de la brasserie 4 Origines repose sur l\u2019unicit\u00e9 brassicole de Montr\u00e9al, o\u00f9 son h\u00e9ritage s\u2019harmonise avec son\u00a0 pr\u00e9sent pour lui conf\u00e9rer sa propre identit\u00e9. Encore de nos jours, Montr\u00e9al continue de prosp\u00e9rer grace aux 4 fondateur de cette endroit unique.\u00a0","og_url":"https:\/\/www.citybrewtours.com\/montreal\/fr\/breweries\/4-origines\/","og_site_name":"Montr\u00e9al Brew Tours - All-Inclusive, Guided Brewery Tours &amp; Events","article_publisher":"https:\/\/www.facebook.com\/citybrewtoursMTL\/","article_modified_time":"2023-01-11T17:54:16+00:00","og_image":[{"width":1920,"height":1440,"url":"https:\/\/www.citybrewtours.com\/montreal\/wp-content\/uploads\/sites\/10\/2018\/08\/Brewery-slider-4-origines.jpg","type":"image\/jpeg"}],"twitter_card":"summary_large_image","twitter_misc":{"Est. reading time":"1 minute"},"schema":{"@context":"https:\/\/schema.org","@graph":[{"@type":"WebPage","@id":"https:\/\/www.citybrewtours.com\/montreal\/fr\/breweries\/4-origines\/","url":"https:\/\/www.citybrewtours.com\/montreal\/fr\/breweries\/4-origines\/","name":"Microbrasserie 4 Origines - Montr\u00e9al Brew Tours - All-Inclusive, Guided Brewery Tours &amp; Events","isPartOf":{"@id":"https:\/\/www.citybrewtours.com\/montreal\/#website"},"datePublished":"2017-03-05T19:55:43+00:00","dateModified":"2023-01-11T17:54:16+00:00","description":"La philosophie de la brasserie 4 Origines repose sur l\u2019unicit\u00e9 brassicole de Montr\u00e9al, o\u00f9 son h\u00e9ritage s\u2019harmonise avec son\u00a0 pr\u00e9sent pour lui conf\u00e9rer sa propre identit\u00e9. Encore de nos jours, Montr\u00e9al continue de prosp\u00e9rer grace aux 4 fondateur de cette endroit unique.\u00a0","breadcrumb":{"@id":"https:\/\/www.citybrewtours.com\/montreal\/fr\/breweries\/4-origines\/#breadcrumb"},"inLanguage":"en-US","potentialAction":[{"@type":"ReadAction","target":["https:\/\/www.citybrewtours.com\/montreal\/fr\/breweries\/4-origines\/"]}]},{"@type":"BreadcrumbList","@id":"https:\/\/www.citybrewtours.com\/montreal\/fr\/breweries\/4-origines\/#breadcrumb","itemListElement":[{"@type":"ListItem","position":1,"name":"Home","item":"https:\/\/www.citybrewtours.com\/montreal\/"},{"@type":"ListItem","position":2,"name":"Brasseries de Montr\u00e9al","item":"https:\/\/www.citybrewtours.com\/montreal\/breweries\/"},{"@type":"ListItem","position":3,"name":"Microbrasserie 4 Origines"}]},{"@type":"WebSite","@id":"https:\/\/www.citybrewtours.com\/montreal\/#website","url":"https:\/\/www.citybrewtours.com\/montreal\/","name":"Montr\u00e9al Brew Tours - All-Inclusive, Guided Brewery Tours &amp; Events","description":"Local Brewery Tours in Montreal, QC","publisher":{"@id":"https:\/\/www.citybrewtours.com\/montreal\/#organization"},"potentialAction":[{"@type":"SearchAction","target":{"@type":"EntryPoint","urlTemplate":"https:\/\/www.citybrewtours.com\/montreal\/?s={search_term_string}"},"query-input":"required name=search_term_string"}],"inLanguage":"en-US"},{"@type":"Organization","@id":"https:\/\/www.citybrewtours.com\/montreal\/#organization","name":"City Brew Tours Montreal La Tourn\u00e9e Brasicole","url":"https:\/\/www.citybrewtours.com\/montreal\/","logo":{"@type":"ImageObject","inLanguage":"en-US","@id":"https:\/\/www.citybrewtours.com\/montreal\/#\/schema\/logo\/image\/","url":"https:\/\/www.citybrewtours.com\/montreal\/wp-content\/uploads\/sites\/10\/2018\/04\/brown_horizontal_nyc.png","contentUrl":"https:\/\/www.citybrewtours.com\/montreal\/wp-content\/uploads\/sites\/10\/2018\/04\/brown_horizontal_nyc.png","width":246,"height":90,"caption":"City Brew Tours Montreal La Tourn\u00e9e Brasicole"},"image":{"@id":"https:\/\/www.citybrewtours.com\/montreal\/#\/schema\/logo\/image\/"},"sameAs":["https:\/\/www.instagram.com\/citybrewtoursmtl\/","https:\/\/www.facebook.com\/citybrewtoursMTL\/"]}]}},"_links":{"self":[{"href":"https:\/\/www.citybrewtours.com\/montreal\/wp-json\/wp\/v2\/pages\/3010"}],"collection":[{"href":"https:\/\/www.citybrewtours.com\/montreal\/wp-json\/wp\/v2\/pages"}],"about":[{"href":"https:\/\/www.citybrewtours.com\/montreal\/wp-json\/wp\/v2\/types\/page"}],"author":[{"embeddable":true,"href":"https:\/\/www.citybrewtours.com\/montreal\/wp-json\/wp\/v2\/users\/3"}],"replies":[{"embeddable":true,"href":"https:\/\/www.citybrewtours.com\/montreal\/wp-json\/wp\/v2\/comments?post=3010"}],"version-history":[{"count":0,"href":"https:\/\/www.citybrewtours.com\/montreal\/wp-json\/wp\/v2\/pages\/3010\/revisions"}],"up":[{"embeddable":true,"href":"https:\/\/www.citybrewtours.com\/montreal\/wp-json\/wp\/v2\/pages\/2644"}],"wp:featuredmedia":[{"embeddable":true,"href":"https:\/\/www.citybrewtours.com\/montreal\/wp-json\/wp\/v2\/media\/3084"}],"wp:attachment":[{"href":"https:\/\/www.citybrewtours.com\/montreal\/wp-json\/wp\/v2\/media?parent=3010"}],"curies":[{"name":"wp","href":"https:\/\/api.w.org\/{rel}","templated":true}]}}