{"id":4183,"date":"2019-07-18T17:49:28","date_gmt":"2019-07-18T17:49:28","guid":{"rendered":"https:\/\/www.citybrewtours.com\/montreal\/?page_id=4183"},"modified":"2023-01-11T17:55:29","modified_gmt":"2023-01-11T17:55:29","slug":"avant-garde","status":"publish","type":"page","link":"https:\/\/www.citybrewtours.com\/montreal\/fr\/breweries\/avant-garde\/","title":{"rendered":"Avant-Garde"},"content":{"rendered":"<p><img decoding=\"async\" class=\"alignnone size-full wp-image-4176 lazyload\" data-src=\"https:\/\/www.citybrewtours.com\/montreal\/wp-content\/uploads\/sites\/10\/2019\/07\/Webp.net-resizeimage.jpg\" alt=\"\" width=\"1800\" height=\"1013\" data-srcset=\"https:\/\/www.citybrewtours.com\/montreal\/wp-content\/uploads\/sites\/10\/2019\/07\/Webp.net-resizeimage.jpg 1800w, https:\/\/www.citybrewtours.com\/montreal\/wp-content\/uploads\/sites\/10\/2019\/07\/Webp.net-resizeimage-335x190.jpg 335w, https:\/\/www.citybrewtours.com\/montreal\/wp-content\/uploads\/sites\/10\/2019\/07\/Webp.net-resizeimage-300x169.jpg 300w, https:\/\/www.citybrewtours.com\/montreal\/wp-content\/uploads\/sites\/10\/2019\/07\/Webp.net-resizeimage-768x432.jpg 768w, https:\/\/www.citybrewtours.com\/montreal\/wp-content\/uploads\/sites\/10\/2019\/07\/Webp.net-resizeimage-1024x576.jpg 1024w, https:\/\/www.citybrewtours.com\/montreal\/wp-content\/uploads\/sites\/10\/2019\/07\/Webp.net-resizeimage-600x338.jpg 600w, https:\/\/www.citybrewtours.com\/montreal\/wp-content\/uploads\/sites\/10\/2019\/07\/Webp.net-resizeimage-397x223.jpg 397w\" data-sizes=\"(max-width: 1800px) 100vw, 1800px\" src=\"data:image\/svg+xml;base64,PHN2ZyB3aWR0aD0iMSIgaGVpZ2h0PSIxIiB4bWxucz0iaHR0cDovL3d3dy53My5vcmcvMjAwMC9zdmciPjwvc3ZnPg==\" style=\"--smush-placeholder-width: 1800px; --smush-placeholder-aspect-ratio: 1800\/1013;\" \/><\/p>\n<p>Avant-Garde Artisans Brasseurs est n\u00e9 en 2016 des imaginations conjointes de deux jeunes hommes d\u00e9termin\u00e9s et talentueux, tortur\u00e9s par moments, mais non moins craquants :\u00a0<a href=\"https:\/\/brasseursavantgarde.com\/a-propos\/#renaud\" target=\"_blank\" rel=\"noopener\" data-saferedirecturl=\"https:\/\/www.google.com\/url?q=https:\/\/brasseursavantgarde.com\/a-propos\/%23renaud&amp;source=gmail&amp;ust=1563556232808000&amp;usg=AFQjCNGRfMoa1r3YJZVZXIbmQfAr4JYQWg\"><span class=\"il\">Renaud<\/span>\u00a0Gouin<\/a>\u00a0et\u00a0<a href=\"https:\/\/brasseursavantgarde.com\/a-propos\/#shawn\" target=\"_blank\" rel=\"noopener\" data-saferedirecturl=\"https:\/\/www.google.com\/url?q=https:\/\/brasseursavantgarde.com\/a-propos\/%23shawn&amp;source=gmail&amp;ust=1563556232808000&amp;usg=AFQjCNF64Fg4i73MJUCxceuXOdx7uyPZbw\">Shawn Duriez<\/a>. Rassemblant \u00e0 eux deux toutes les qualit\u00e9s n\u00e9cessaires pour enfanter un ph\u00e9nom\u00e8ne brassicole d\u2019envergure, ils se sont d\u2019abord courtis\u00e9s un peu timidement puis, constatant la correspondance quasi-parfaite de leurs ambitions et la compl\u00e9mentarit\u00e9 de leurs aptitudes personnelles, se sont unis. Ils tiennent aujourd\u2019hui les rennes galopants d\u2019un hypoth\u00e9tique empire de la fermentation et pr\u00e9tendent avec optimisme que, je cite : \u00ab le fruit de notre g\u00e9nie est absolument m\u00fbr et sa chair, souple et pulpeuse. Son assimilation par l\u2019humain de demain sera grandiose, et sa digestion baignera d\u2019une lumi\u00e8re \u00e9blouissante et chaleureuse les civilisations futures. \u00bb (r\u00e9f\u00e9rence). Outre le temps et l\u2019espace, ils n\u2019ont pour unique contrainte que d\u2019engendrer ce que bon leur semble. Ainsi vont-ils de bi\u00e8re en bi\u00e8re au gr\u00e9 des saisons, mat\u00e9rialisant patiemment leur vision d\u2019un monde meilleur.<\/p>\n<p>En 2018, Avant-Garde fusionne avec Jukebox &#8211; \u00e9galement fond\u00e9e par\u00a0<span class=\"il\">Renaud<\/span>\u00a0Gouin &#8211; pour construire de toute pi\u00e8ce une superbe brasserie de production jouxt\u00e9e d&#8217;un salon de d\u00e9gustation chic chic dans les locaux du regrett\u00e9 Bingo Hochelaga, le bingo le plus hot en ville.<\/p>\n<p><img decoding=\"async\" class=\"alignnone size-full wp-image-4178 lazyload\" data-src=\"https:\/\/www.citybrewtours.com\/montreal\/wp-content\/uploads\/sites\/10\/2019\/07\/38435554_2505039612845074_5055845096361033728_n.jpg\" alt=\"\" width=\"960\" height=\"640\" data-srcset=\"https:\/\/www.citybrewtours.com\/montreal\/wp-content\/uploads\/sites\/10\/2019\/07\/38435554_2505039612845074_5055845096361033728_n.jpg 960w, https:\/\/www.citybrewtours.com\/montreal\/wp-content\/uploads\/sites\/10\/2019\/07\/38435554_2505039612845074_5055845096361033728_n-300x200.jpg 300w, https:\/\/www.citybrewtours.com\/montreal\/wp-content\/uploads\/sites\/10\/2019\/07\/38435554_2505039612845074_5055845096361033728_n-768x512.jpg 768w, https:\/\/www.citybrewtours.com\/montreal\/wp-content\/uploads\/sites\/10\/2019\/07\/38435554_2505039612845074_5055845096361033728_n-600x400.jpg 600w, https:\/\/www.citybrewtours.com\/montreal\/wp-content\/uploads\/sites\/10\/2019\/07\/38435554_2505039612845074_5055845096361033728_n-335x223.jpg 335w, https:\/\/www.citybrewtours.com\/montreal\/wp-content\/uploads\/sites\/10\/2019\/07\/38435554_2505039612845074_5055845096361033728_n-115x76.jpg 115w\" data-sizes=\"(max-width: 960px) 100vw, 960px\" src=\"data:image\/svg+xml;base64,PHN2ZyB3aWR0aD0iMSIgaGVpZ2h0PSIxIiB4bWxucz0iaHR0cDovL3d3dy53My5vcmcvMjAwMC9zdmciPjwvc3ZnPg==\" style=\"--smush-placeholder-width: 960px; --smush-placeholder-aspect-ratio: 960\/640;\" \/><\/p>\n<pre>Cr\u00e9dit Photo: Baron Mag<\/pre>\n<h6>Addresse<\/h6>\n<p>5500 Rue Hochelaga Local 150, Montr\u00e9al, QC H1N 3L7<\/p>\n<h6>Website<\/h6>\n<p><a href=\"https:\/\/brasseursavantgarde.com\/\" target=\"_blank\" rel=\"noopener noreferrer\">Click here<\/a><\/p>\n<p><span class=\"button-wrap\"><a href=\"https:\/\/www.citybrewtours.com\/montreal\/tours\/?lang=fr\" class=\"button button-light\" target=\"\">Reserver Maintenant<\/a><\/span><\/p>\n","protected":false},"excerpt":{"rendered":"<p>Avant-Garde Artisans Brasseurs est n\u00e9 en 2016 des imaginations conjointes de deux jeunes hommes d\u00e9termin\u00e9s et talentueux, tortur\u00e9s par moments, mais non moins craquants :\u00a0Renaud\u00a0Gouin\u00a0et\u00a0Shawn Duriez. Rassemblant \u00e0 eux deux toutes les qualit\u00e9s n\u00e9cessaires pour enfanter un ph\u00e9nom\u00e8ne brassicole d\u2019envergure, ils se sont d\u2019abord courtis\u00e9s un peu timidement puis, constatant la correspondance quasi-parfaite de leurs [&hellip;]<\/p>\n","protected":false},"author":22,"featured_media":3956,"parent":2644,"menu_order":0,"comment_status":"closed","ping_status":"closed","template":"page-tpl-leftmenu.php","meta":[],"acf":[],"yoast_head":"<!-- This site is optimized with the Yoast SEO plugin v19.10 - https:\/\/yoast.com\/wordpress\/plugins\/seo\/ -->\n<title>Avant-Garde - Montr\u00e9al Brew Tours - All-Inclusive, Guided Brewery Tours &amp; Events<\/title>\n<meta name=\"description\" content=\"L&#039;ambitieux et tout nouveaux salon de d\u00e9gustation de l&#039;est de Montr\u00e9al. Le bingo de Hochelaga le plus hot en ville est converti en 16,000 pc de purs bonheurs\" \/>\n<meta name=\"robots\" content=\"index, follow, max-snippet:-1, max-image-preview:large, max-video-preview:-1\" \/>\n<link rel=\"canonical\" href=\"https:\/\/www.citybrewtours.com\/montreal\/breweries\/avant-garde\/\" \/>\n<meta property=\"og:locale\" content=\"en_US\" \/>\n<meta property=\"og:type\" content=\"article\" \/>\n<meta property=\"og:title\" content=\"Avant-Garde - Montr\u00e9al Brew Tours - All-Inclusive, Guided Brewery Tours &amp; Events\" \/>\n<meta property=\"og:description\" content=\"L&#039;ambitieux et tout nouveaux salon de d\u00e9gustation de l&#039;est de Montr\u00e9al. Le bingo de Hochelaga le plus hot en ville est converti en 16,000 pc de purs bonheurs\" \/>\n<meta property=\"og:url\" content=\"https:\/\/www.citybrewtours.com\/montreal\/fr\/breweries\/avant-garde\/\" \/>\n<meta property=\"og:site_name\" content=\"Montr\u00e9al Brew Tours - All-Inclusive, Guided Brewery Tours &amp; Events\" \/>\n<meta property=\"article:publisher\" content=\"https:\/\/www.facebook.com\/citybrewtoursMTL\/\" \/>\n<meta property=\"article:modified_time\" content=\"2023-01-11T17:55:29+00:00\" \/>\n<meta property=\"og:image\" content=\"https:\/\/www.citybrewtours.com\/montreal\/wp-content\/uploads\/sites\/10\/2019\/06\/64400201_3033406246675072_3575292959450464256_n.jpg\" \/>\n\t<meta property=\"og:image:width\" content=\"716\" \/>\n\t<meta property=\"og:image:height\" content=\"960\" \/>\n\t<meta property=\"og:image:type\" content=\"image\/jpeg\" \/>\n<meta name=\"twitter:card\" content=\"summary_large_image\" \/>\n<meta name=\"twitter:label1\" content=\"Est. reading time\" \/>\n\t<meta name=\"twitter:data1\" content=\"2 minutes\" \/>\n<script type=\"application\/ld+json\" class=\"yoast-schema-graph\">{\"@context\":\"https:\/\/schema.org\",\"@graph\":[{\"@type\":\"WebPage\",\"@id\":\"https:\/\/www.citybrewtours.com\/montreal\/fr\/breweries\/avant-garde\/\",\"url\":\"https:\/\/www.citybrewtours.com\/montreal\/fr\/breweries\/avant-garde\/\",\"name\":\"Avant-Garde - Montr\u00e9al Brew Tours - All-Inclusive, Guided Brewery Tours &amp; Events\",\"isPartOf\":{\"@id\":\"https:\/\/www.citybrewtours.com\/montreal\/#website\"},\"datePublished\":\"2019-07-18T17:49:28+00:00\",\"dateModified\":\"2023-01-11T17:55:29+00:00\",\"description\":\"L'ambitieux et tout nouveaux salon de d\u00e9gustation de l'est de Montr\u00e9al. Le bingo de Hochelaga le plus hot en ville est converti en 16,000 pc de purs bonheurs\",\"breadcrumb\":{\"@id\":\"https:\/\/www.citybrewtours.com\/montreal\/fr\/breweries\/avant-garde\/#breadcrumb\"},\"inLanguage\":\"en-US\",\"potentialAction\":[{\"@type\":\"ReadAction\",\"target\":[\"https:\/\/www.citybrewtours.com\/montreal\/fr\/breweries\/avant-garde\/\"]}]},{\"@type\":\"BreadcrumbList\",\"@id\":\"https:\/\/www.citybrewtours.com\/montreal\/fr\/breweries\/avant-garde\/#breadcrumb\",\"itemListElement\":[{\"@type\":\"ListItem\",\"position\":1,\"name\":\"Home\",\"item\":\"https:\/\/www.citybrewtours.com\/montreal\/\"},{\"@type\":\"ListItem\",\"position\":2,\"name\":\"Brasseries de Montr\u00e9al\",\"item\":\"https:\/\/www.citybrewtours.com\/montreal\/breweries\/\"},{\"@type\":\"ListItem\",\"position\":3,\"name\":\"Avant-Garde\"}]},{\"@type\":\"WebSite\",\"@id\":\"https:\/\/www.citybrewtours.com\/montreal\/#website\",\"url\":\"https:\/\/www.citybrewtours.com\/montreal\/\",\"name\":\"Montr\u00e9al Brew Tours - All-Inclusive, Guided Brewery Tours &amp; Events\",\"description\":\"Local Brewery Tours in Montreal, QC\",\"publisher\":{\"@id\":\"https:\/\/www.citybrewtours.com\/montreal\/#organization\"},\"potentialAction\":[{\"@type\":\"SearchAction\",\"target\":{\"@type\":\"EntryPoint\",\"urlTemplate\":\"https:\/\/www.citybrewtours.com\/montreal\/?s={search_term_string}\"},\"query-input\":\"required name=search_term_string\"}],\"inLanguage\":\"en-US\"},{\"@type\":\"Organization\",\"@id\":\"https:\/\/www.citybrewtours.com\/montreal\/#organization\",\"name\":\"City Brew Tours Montreal La Tourn\u00e9e Brasicole\",\"url\":\"https:\/\/www.citybrewtours.com\/montreal\/\",\"logo\":{\"@type\":\"ImageObject\",\"inLanguage\":\"en-US\",\"@id\":\"https:\/\/www.citybrewtours.com\/montreal\/#\/schema\/logo\/image\/\",\"url\":\"https:\/\/www.citybrewtours.com\/montreal\/wp-content\/uploads\/sites\/10\/2018\/04\/brown_horizontal_nyc.png\",\"contentUrl\":\"https:\/\/www.citybrewtours.com\/montreal\/wp-content\/uploads\/sites\/10\/2018\/04\/brown_horizontal_nyc.png\",\"width\":246,\"height\":90,\"caption\":\"City Brew Tours Montreal La Tourn\u00e9e Brasicole\"},\"image\":{\"@id\":\"https:\/\/www.citybrewtours.com\/montreal\/#\/schema\/logo\/image\/\"},\"sameAs\":[\"https:\/\/www.instagram.com\/citybrewtoursmtl\/\",\"https:\/\/www.facebook.com\/citybrewtoursMTL\/\"]}]}<\/script>\n<!-- \/ Yoast SEO plugin. -->","yoast_head_json":{"title":"Avant-Garde - Montr\u00e9al Brew Tours - All-Inclusive, Guided Brewery Tours &amp; Events","description":"L'ambitieux et tout nouveaux salon de d\u00e9gustation de l'est de Montr\u00e9al. Le bingo de Hochelaga le plus hot en ville est converti en 16,000 pc de purs bonheurs","robots":{"index":"index","follow":"follow","max-snippet":"max-snippet:-1","max-image-preview":"max-image-preview:large","max-video-preview":"max-video-preview:-1"},"canonical":"https:\/\/www.citybrewtours.com\/montreal\/breweries\/avant-garde\/","og_locale":"en_US","og_type":"article","og_title":"Avant-Garde - Montr\u00e9al Brew Tours - All-Inclusive, Guided Brewery Tours &amp; Events","og_description":"L'ambitieux et tout nouveaux salon de d\u00e9gustation de l'est de Montr\u00e9al. Le bingo de Hochelaga le plus hot en ville est converti en 16,000 pc de purs bonheurs","og_url":"https:\/\/www.citybrewtours.com\/montreal\/fr\/breweries\/avant-garde\/","og_site_name":"Montr\u00e9al Brew Tours - All-Inclusive, Guided Brewery Tours &amp; Events","article_publisher":"https:\/\/www.facebook.com\/citybrewtoursMTL\/","article_modified_time":"2023-01-11T17:55:29+00:00","og_image":[{"width":716,"height":960,"url":"https:\/\/www.citybrewtours.com\/montreal\/wp-content\/uploads\/sites\/10\/2019\/06\/64400201_3033406246675072_3575292959450464256_n.jpg","type":"image\/jpeg"}],"twitter_card":"summary_large_image","twitter_misc":{"Est. reading time":"2 minutes"},"schema":{"@context":"https:\/\/schema.org","@graph":[{"@type":"WebPage","@id":"https:\/\/www.citybrewtours.com\/montreal\/fr\/breweries\/avant-garde\/","url":"https:\/\/www.citybrewtours.com\/montreal\/fr\/breweries\/avant-garde\/","name":"Avant-Garde - Montr\u00e9al Brew Tours - All-Inclusive, Guided Brewery Tours &amp; Events","isPartOf":{"@id":"https:\/\/www.citybrewtours.com\/montreal\/#website"},"datePublished":"2019-07-18T17:49:28+00:00","dateModified":"2023-01-11T17:55:29+00:00","description":"L'ambitieux et tout nouveaux salon de d\u00e9gustation de l'est de Montr\u00e9al. Le bingo de Hochelaga le plus hot en ville est converti en 16,000 pc de purs bonheurs","breadcrumb":{"@id":"https:\/\/www.citybrewtours.com\/montreal\/fr\/breweries\/avant-garde\/#breadcrumb"},"inLanguage":"en-US","potentialAction":[{"@type":"ReadAction","target":["https:\/\/www.citybrewtours.com\/montreal\/fr\/breweries\/avant-garde\/"]}]},{"@type":"BreadcrumbList","@id":"https:\/\/www.citybrewtours.com\/montreal\/fr\/breweries\/avant-garde\/#breadcrumb","itemListElement":[{"@type":"ListItem","position":1,"name":"Home","item":"https:\/\/www.citybrewtours.com\/montreal\/"},{"@type":"ListItem","position":2,"name":"Brasseries de Montr\u00e9al","item":"https:\/\/www.citybrewtours.com\/montreal\/breweries\/"},{"@type":"ListItem","position":3,"name":"Avant-Garde"}]},{"@type":"WebSite","@id":"https:\/\/www.citybrewtours.com\/montreal\/#website","url":"https:\/\/www.citybrewtours.com\/montreal\/","name":"Montr\u00e9al Brew Tours - All-Inclusive, Guided Brewery Tours &amp; Events","description":"Local Brewery Tours in Montreal, QC","publisher":{"@id":"https:\/\/www.citybrewtours.com\/montreal\/#organization"},"potentialAction":[{"@type":"SearchAction","target":{"@type":"EntryPoint","urlTemplate":"https:\/\/www.citybrewtours.com\/montreal\/?s={search_term_string}"},"query-input":"required name=search_term_string"}],"inLanguage":"en-US"},{"@type":"Organization","@id":"https:\/\/www.citybrewtours.com\/montreal\/#organization","name":"City Brew Tours Montreal La Tourn\u00e9e Brasicole","url":"https:\/\/www.citybrewtours.com\/montreal\/","logo":{"@type":"ImageObject","inLanguage":"en-US","@id":"https:\/\/www.citybrewtours.com\/montreal\/#\/schema\/logo\/image\/","url":"https:\/\/www.citybrewtours.com\/montreal\/wp-content\/uploads\/sites\/10\/2018\/04\/brown_horizontal_nyc.png","contentUrl":"https:\/\/www.citybrewtours.com\/montreal\/wp-content\/uploads\/sites\/10\/2018\/04\/brown_horizontal_nyc.png","width":246,"height":90,"caption":"City Brew Tours Montreal La Tourn\u00e9e Brasicole"},"image":{"@id":"https:\/\/www.citybrewtours.com\/montreal\/#\/schema\/logo\/image\/"},"sameAs":["https:\/\/www.instagram.com\/citybrewtoursmtl\/","https:\/\/www.facebook.com\/citybrewtoursMTL\/"]}]}},"_links":{"self":[{"href":"https:\/\/www.citybrewtours.com\/montreal\/wp-json\/wp\/v2\/pages\/4183"}],"collection":[{"href":"https:\/\/www.citybrewtours.com\/montreal\/wp-json\/wp\/v2\/pages"}],"about":[{"href":"https:\/\/www.citybrewtours.com\/montreal\/wp-json\/wp\/v2\/types\/page"}],"author":[{"embeddable":true,"href":"https:\/\/www.citybrewtours.com\/montreal\/wp-json\/wp\/v2\/users\/22"}],"replies":[{"embeddable":true,"href":"https:\/\/www.citybrewtours.com\/montreal\/wp-json\/wp\/v2\/comments?post=4183"}],"version-history":[{"count":0,"href":"https:\/\/www.citybrewtours.com\/montreal\/wp-json\/wp\/v2\/pages\/4183\/revisions"}],"up":[{"embeddable":true,"href":"https:\/\/www.citybrewtours.com\/montreal\/wp-json\/wp\/v2\/pages\/2644"}],"wp:featuredmedia":[{"embeddable":true,"href":"https:\/\/www.citybrewtours.com\/montreal\/wp-json\/wp\/v2\/media\/3956"}],"wp:attachment":[{"href":"https:\/\/www.citybrewtours.com\/montreal\/wp-json\/wp\/v2\/media?parent=4183"}],"curies":[{"name":"wp","href":"https:\/\/api.w.org\/{rel}","templated":true}]}}